(3658,845,'Makro Centurion','-25.8666873','28.1964062','00:08:00',0,'z{y|CmmfkDy@CE@?`AH~@JdAzAKXCDTDXFd@LjCHhBFj@DR@?@?BB@BdAAHEHBjCMRjHNzALvARfA\\fA@Dd@nAtCdGdChF\\x@`@vAvCpGlBhDP\\FVlEnJhAbCv@hBhFhLpBtE^bApBzFoBdAa@b@[p@k@lA}AlBkDnEOTSQ{@_@e@Ga@BU@yBc@]aC^ANtALF',2),(3659,845,'7 Impala Ave','-25.8606138','28.2185433','00:15:00',0,'',1),(3660,846,'Centurion Mall','-25.8571457','28.186789','00:03:00',0,'za{|C}bbkDMGOuA_@@\\`CxBb@TA`@Cd@Fz@^RPkAbBk@z@i@k@_Am@QKIKYG{Ac@_@Ac@F_@PoAn@mAl@k@`@eChAa@Lo@Hy@f@MXe@tASr@Kv@Ad@FbB?nCOzB_@dDWjAy@lBiAhBkA`BsC`EgDdFmJhNg@p@w@u@wAkAC@G?AG@GaB{AT_@|AyBdBeC',3),(3661,846,'Makro Centurion','-25.8666873','28.1964062','00:08:00',0,'z{y|CmmfkDy@CE@?`AH~@JdAzAKXCDTDXFd@LjCHhBFj@DR@?@?BB@BdAAHEHBjCMRjHNzALvARfA\\fA@Dd@nAtCdGdChF\\x@`@vAvCpGlBhDP\\FVlEnJhAbCv@hBhFhLpBtE^bApBzFoBdAa@b@[p@k@lA}AlBkDnEOTSQ{@_@e@Ga@BU@yBc@]aC^ANtALF',2),(3662,846,'7 Impala Ave','-25.8606138','28.2185433','00:15:00',0,'',1),(3663,847,'Witpoortjie','-26.1631828','27.8252814','00:00:00',0,'',1),(3664,847,'Ghandi square','-26.2066264','28.0433502','00:00:00',0,'v`u~CyqyhDv@gB~CxAzCvAJcMJqQ@gDFaI@S`@@@?bA@`FJPBH@TFRFt@j@TXN\\rAvCn@ZXFr@kJJgA^eDr@eIdBwRXmDBwA@oAIyCYkCM}@i@}Bs@cDw@wD}A}HiAwGaBeKmAaI{@kF}@aFMmAi@uF_@uFa@}GY}F]gHMoBU}HK_EBmAB]VkA`@wAn@qAvCaFtCyEXc@rBeDrCeFrCoF|CsFFM~EwHP_@DYAUCMBQFMLIBAv@gAv@yA|DaGh@y@dF{HdHmKlDoFdFiIfCaFp@oAhAcChAcDb@gBfAqEvBeLjBiJ~@_GxA{LjAyJl@eDzBwIxBqHvC{HdC_JzAyF~BkIxQer@bQkp@lAyDfAgC^y@rC}GbBaF|@kDpFgTtEyQtB{J`BcJrBeI|AiFt@uC~BiIdG_UdFwR`BkGdCgJdBmGr@qCd@oBXoAr@aDt@_ExCqPFw@@g@G{AIw@Mi@Wu@_@w@a@k@_@_@m@c@mDuByD{BiEgCq@k@q@y@i@{@_@{@a@wAM}@IcAC}@BiAH{@RiA|AgH`@}AX{@lEqLjDuJdOwa@bLs[V_AXqA^sCz@_Mr@kKL{ANkAl@uDfCcOVaAVs@hI{OfIuObGeLVu@Py@Hi@J}ACqAIcA{@gF}BeNa@kCm@iEMoBCmCCyAU[MIs@_@a@[OSIW]uDQaC_A}Mk@yHy@qLi@eHu@kJ_AmMe@cGG}@GgBAwBAqECoKEoDA_@CmAEcLCsG?aAKe@?oA@qCJ{EHuDEm@O][Ya@KsA?iB@iDEUEKKGY?{@ESGIQG[AO@oDVgDVuCTAWEAECCIS{BAACCCE',2),(3665,848,'Metrobus Roodepoort Bus Depot','-26.1285999','27.8442426','00:00:00',0,'',1),(3666,848,'Roodepark Eco Estate','-25.6754508','28.3331279','00:00:00',0,'jen~Cyi}hDh@_FsCW}CWiEoAkGqBeCgAa@e@eAgBk@eCg@iAmA{@uLyF_F{@gNsAuAW{@EgCcA_CoAsEgC_FqCwHeEoCwAeEeC_CoBuAiBmAcCiAcE]wECwBIsDKeVA_I?eD?[oB?gAAqD@iCj@y@ZwA`AaAhAgFbHm@r@sAn@aAL}@AmA]_OoHgI_EsLgGkEeB{GkDoB@m@HcGzEgD`C_GzEcF`EgMfKqe@d`@iq@lj@eYbUkH~FeB`Bs@hA_A~Bw@~F{@dNsCjb@gAfNMtBkBcBgB_BgEgDaDsBaBw@mKmE_V}Iaz@g[u`@eOia@mOkQuGwJqD}C{AiCyAyDkCgDyCeDuDuAgBiC{DaBcD_E}JmFwReOkj@gb@s|AiTow@yD}LsBaFqEyI{C{EuHeKyEiGoPiTcGkI{KsNgQqUkJcMaQ}UmQiYyi@o}@sn@scAmJsKiC}BcAw@uGaEaIyDeF{B_Bs@oJkEmh@aUic@gRuFsCeJkGsGcGeDwDqDmFgDsG_EeKsGaUo^woA{]anAwDsM}EqNwFoN}DeJoX{m@mZmq@kP}^ci@}lAoGsQ{AsF{CqNiCuS_@eFeCc`@wGafA{@sMuA_NaCoN{AeGuIwZsOsj@}CaOwCqRoBoUY{F[{SAuBGkIQ_HMqD[gGmB}TeAeIeCePuD_[sBo[i@yRGg\\MePE}Cg@{NwA{TgAmLuCkToBeLgFkUqD}MyDoLoa@ejAeRwh@oKeZa\\g_A_[e|@}FcT_DaPg@yCwFaf@_DaYeAuH}AmHgDsKkA}C_EmHaDsE}BoCkDeDeDqCaEqCgDiBkD}AaQoFiSaGqEaBwMiGsK}GoKyI}QuQkZwY}NyNoOiO{KwKsRyQuKiI}KwG}IeEyOkFyj@aOqNuEaLgFwMuHmIiFiRoLiIsD}G_C}G_BgTmDkPkCm`@qGuk@oJ{VyDwFu@uIYgLd@u\\rBuLxAoGxAaDhAeEjBaDhBwHlGqHlHsL`MoAlAqIhFsJxCcCZcHViKOo^i@ij@w@op@aAu^a@{BGmIiAaHkB_EcBgDmBeDgCaHuHmAyAaCkEoAcDiEwLmByFuC}HaBaDaBmCqEsFeB_B}H}EcHqCgJeBqEYkG?mDRgBRi@Hu@X[Jy@RyBt@kAf@wAdAa@l@?`@e@`@oDhEy@x@iAj@O@{@Fi@k@~@{IJkACaAGaBRoAxB_RnAeMJaNWaIa@gEi@}EwCkRiBcMsJum@_Hud@sFy`@cHcf@iEuQyEmQoBgIg@uBnAM',2),(3667,849,'Metrobus Roodepoort Bus Depot','-26.1285999','27.8442426','00:00:00',0,'',1),(3668,849,'Ghandi square','-26.2066264','28.0433502','00:00:00',0,'jen~Cyi}hDh@_FsCWcC[YB]IBWLkAPyBNq@F]XaAZo@Ra@f@}@bKyRzJ_RzE_J`JsMzGsJlBiCrAkCh@gA\\o@bFwLjEsKfCaI`C{Gj@iBpCwJ`H_TbF{ObCqH\\mARsA^oBj@cCpHia@b@gCJaAHw@NiC@eBEuDMeFg@iRWiOO}HFsC\\gDv@_ErB_F`@{@fBkCtAsBnE_Ht@{@zBcDdH}KrCwDjIeMZk@bJcN~@uAdAcBfFaItKcPjDeFpLgQ|JgOxD}FnD{FlE}GZ{@Cc@g@e@_@k@Um@D[WkEMwCUqFAoBNgG?gBCUM[s@gAYc@QKMSoBwDuBoDU]gAmBFMFIhAm@zB_AzDcBxCkAx@[d@Or@GrD_Ab@KzL_DnMcDtI}BdDq@xC]lBEfECnOV|DMpBQdAQb@IbB_@~DoAp@Uz@a@~CqAdEeBlEgBvOqGzHaDvl@mVvIkDtFoBdDcAzDgArCs@|HcBhJiBlL_CxGsANOZOr@S~Bo@vA_@t@[j@[rAoApDkDz@q@ZQ`@On@K|@An@APANGTSLmAZ}Cb@cEbAyJrByRlIkx@t@iFp@wD\\cBAOAMEMOSSI]I_@CWAIEiAKgCWcEc@kAUy@WkAi@sCyA{@m@s@w@u@qA_A{B_BqDKGIMuAiCq@_Bk@iAm@}AKWCQ{@oAs@{@gA_AeAq@cDcBgAg@mAe@qCs@]GG@KAq@Iq@?YABUPoCZyET}CPuAhAaHdBaKVmATq@zA{CzC}FbJeQrHsN`@aALe@P}@Fm@DeBEeA]}B_DcR_@aCk@eES}BI{F[_@i@[k@][c@IWC]_@wEs@sJe@gHqA{QyBaYkA}OE}@IiBC_CAqHGmMEcAEoKE{I?_A?OEOCQAu@?_CDsCP}GCu@M_@SWSKQEy@A_C@eDCa@EMIGU?w@CUEOSKi@A{Gh@sBNcBLAWICCCSaCCACECE',2),(3669,850,'Ruimsig','-26.0819964','27.8633774','00:00:00',0,'',1),(3670,850,'Metrobus Roodepoort Bus Depot','-26.1285999','27.8442426','00:00:00',0,'hee~Cu`aiDr@s@Qm@uBiDNI`EwB|FuCvE_C|DoBtN{Gz@q@`@{@BS?KCQa@q@o@s@aAk@GEEO@WlAmBVa@DKx@^`Ah@|CbB|BhAtCpA|@^rHzDvCrAj@b@dB~@pRrJbPbIh@Rb@HZBdAE\\Iz@[VSd@i@t@gAxDeF`AiA`@]t@c@TKrBo@x@KpAEfDDnB??Z?tA@~C?~C?~CDxLFvGFvBPtBJ|APnAn@nClAbDlBnCfAbAh@^|ErCdInEzDvBlOhIxCvAtAV~ARvD\\nE`@vC^`@Hd@PzHjDxBlAdAn@FJRVRp@j@dCb@`A`@d@TBPNbAb@dAb@jGpBdD~@^FRTvGr@i@~E',2),(3672,755,'Vilakazi Street & Mandela Street','-26.2472423','27.818301','00:00:00',0,'|o`_DqxbiDp@vGALIIMaAq@kF`BYbKgBxB_@tAEfBJx@J|B`@|ATbB@v@Ep@Kj@QTGrEeB|CsAlAo@tAs@NMxA`A`A~@|@`B`@hA~A~E~@pCj@|ArC`KNjAF~@BfBBfBP~CVnD`@zDh@rBjB|En@xAt@xAlElHnElEnAdAfC|AvA`ApCdBlChAjBx@vAt@tJlElEjBp@XpAd@vDjAr@RfD`@jBHAfCTnwA@dMDlOA|O?vE?pO?fLDzKBhL@vO?rBaF@gA?',3),(3673,755,'Main Street & Elias Motsoaledi Road','-26.2222293','27.8722499','00:00:00',0,'ton~C{l~hDaAbBb@\\D@JAvAmCDOEQaAq@d@aAFQCECEAM@Cg@_@kAw@HMlKyRtDiHj@}@dOgThEaGtBcEHQlEgK|FqNhDmKdBaFvDoMrLw^lCsIdBoFj@kDFW\\Ll@VrTfJ~D|A~CLpFNn@?^NfI~DxDjBzDtBnIdEbClA`CnAh@RlAT\\HhAh@|DrBvCxAlBdA|@r@tAbAdF`El@j@`Ar@n@R\\FNIzCcBfBy@f[aOj@]pAy@v@o@tAwAl@s@|DaGh@y@dF{HdHmKbBgC^`@jA|@rApAx@x@`@Zd@Tx@VvAXjAHpACvAMtK}BzMmDhCi@tAK~A@xBTzIjCvDfAhCp@|FdBdVfHz]jK`JjC~Ah@pBdAfAp@bEbC|BvAbCzAvIlFxAz@nCzAlBp@pB`@dBJhAAp@Er@OzDa@|CY`Ea@hC[~AOfNqA|KmAxJcAxBWBT',2),(3674,851,'Metrobus Roodepoort Bus Depot','-26.1285999','27.8442426','00:00:00',0,'',1),(3675,851,'MetrobusRoodepoortBusDepot','-26.1285999','27.8442426','00:00:00',0,'jen~Cyi}hDQdBWrCAd@NzBkB_@uDe@p@fLFdAJd@FTNJh@\\dGhAnATnANl@BxBZ~@LnAN|Bh@xBd@fGlA~FbArKrBjOvClGjAjKvBpPzC`Dj@hGhAfCh@hCj@pDp@zAXjBZrE@rDDR?BVDz@Ej@IV_BfC{BjD~C~AvHpD~IxDjHdDlNvG`F|BfEtBdDvAbAcC',1),(3676,852,'Metrobus Roodepoort Bus Depot','-26.1285999','27.8442426','00:00:00',0,'',1),(3677,852,'Hoërskool Die Burger','-26.17017','27.95054','00:00:00',0,'jen~Cyi}hDh@_FsCWcC[YB]IBWLkAPyBNq@F]XaAZo@Ra@f@}@bKyRzJ_RzE_J`JsMzGsJlBiCrAkCh@gA\\o@bFwLjEsKfCaI`C{Gj@iBpCwJ`H_TbF{ObCqH\\mARsA^oBj@cCpHia@b@gCJaAHw@NiC@eBEuDMeFg@iRWiOO}HFsC\\gDv@_ErB_F`@{@fBkCtAsBnE_Ht@{@zBcDdH}KrCwDjIeMZk@bJcN~@uAdAcBfFaItKcPjDeFpLgQ|JgOxD}FnD{FlE}G`A{AlAaBV_@LKxAmERU`E}LxDoLPg@b@uAf@uBj@gEPiBb@yC~@mGCQl@_GNoANqACoAIe@Ia@KmAkLl@[qKJu@B]IoDI_DKyBQuDCk@aA@UBq@Z',2),(3678,853,'Metrobus Roodepoort Bus Depot','-26.1285999','27.8442426','00:00:00',0,'',1),(3679,853,'Westgate Shopping Centre','-26.1401993','27.8607578','00:00:00',0,'jen~Cyi}hDnAaMT}CPO^]`Ag@`@Mr@Sn@_@`@g@r@{Cd@_BjEoN`D{KfBeG~@aC\\iAz@iCh@qA`AkBb@a@ZO`C[rC]jIu@v@S|@i@FEhCkAd@[n@Qr@G`BBXGXM{@eBPM',2),(3680,854,'Lindhaven','-26.1457737','27.8501912','00:00:00',0,'',1),(3681,854,'Westgate Shopping Centre','-26.1401993','27.8607578','00:00:00',0,'|rq~Cgq~hD{@WiDkCgHwFgDaC_@Ow@_Mq@{KMuAk@`@yCtAgAZgARU?AU{AkHKc@Ws@Ss@RQj@Sr@KTChADl@I\\M{@eBPM',2),(3682,855,'Roodekrans','-26.1073654','27.8457956','00:00:00',0,'',1),(3683,855,'Westgate Shopping Centre','-26.1401993','27.8607578','00:00:00',0,'r_j~Ckt}hDn@yBj@oBeBy@eAm@eCmA|EkOxBsG~AyEtB{G|@cCb@oAHWh@^|ErClAp@vGpDfNtH`EvBxCvAtAV~AR`Hn@dBNvC^`@Hd@PzHjDxBlAdAn@FJRVRp@j@dCb@`A`@d@TBPNbAb@dAb@jGpBvAb@f@ARGNONUDu@JcAHa@Je@ZiAnAcCdK}R~C}FvFiKtDiHNURLr@`@P@VCZI\\iAz@iCh@qA`AkBb@a@ZO`C[rC]jIu@v@S|@i@FEhCkAd@[n@Qr@G`BBXGXM{@eBPM',2),(3684,743,'Ridgevale Primary School','-26.1102397','27.848774','00:00:00',0,'',1),(3685,856,'Metrobus Roodepoort Bus Depot','-26.1285999','27.8442426','00:00:00',0,'',1),(3686,856,'Clover Park','-26.1447904','27.9187249','00:00:00',0,'jen~Cyi}hDh@_FsCWcC[YB]IBWLkAPyBNq@F]XaAZo@Ra@f@}@bKyRzJ_RzE_J`JsMzGsJlBiCrAkCh@gA\\o@bFwLjEsKfCaI`C{Gj@iBpCwJ`H_TbF{ObCqH\\mARsA^oBj@cCpHia@b@gCJaAHw@NiC@eBEuDMeFg@iRWiOO}HFsC\\gDv@_ErB_F`@{@fBkCtAsBnE_Ht@{@nAgBAYGQ}ASoDg@c@BiC|@_ARy@Da@E_Ai@eE{BaBs@iAi@u@g@q@o@m@y@Ys@Oa@Sq@OeAEoADeB@eAD_AHeAPmANc@Ra@fGgKX}@NgA?YA[Os@Oi@i@sB]qB_@mAUc@Wg@Ma@I]Gq@AeARmA^iA\\y@b@eB@]Y?_@@]Ne@VCBaD`Gb@b@Xg@',2),(3687,857,'Metrobus Roodepoort Bus Depot','-26.1285999','27.8442426','00:00:00',0,'',1),(3688,857,'Ruimsig','-26.0819964','27.8633774','00:00:00',0,'jen~Cyi}hDh@_FsCWcC[YB_Be@iBi@kGqBmAg@w@_@a@e@a@e@c@aAk@eCSq@SWGKeAo@yBmA{HkDe@Qa@IwC_@oEa@wD]_BSuAW{@EgCcA_CoAsEgCaCwA}Ay@wHeEoCwAeEeC_CoBuAiBa@i@k@yAMc@Qc@i@{BUwBG_BCwBIsDE{EC_IAiEA_I?eD?[oB?gAA_BCqADy@JoA^y@Zu@b@a@\\aAhAyDdFm@|@m@r@WR{@Z]Hc@B}@Ac@Ii@S_OoHgI_EsLgGq@QyCsA{GkDw@_@c@OQMu@_@kB}@mFmCcCuAW`@mAlBCJ@JDNhAp@n@r@`@p@B\\I^[n@g@b@wLxFoFlCuNfHaEvBOHtBhDPl@s@r@',2),(3689,858,'Ghandi square','-26.2066264','28.0433502','00:00:00',0,'',1),(3690,858,'Park Station','-26.1973427','28.0422579','00:00:00',0,'|n}~CcedjDTpBCPOF@VkCPoBPeFZgAJaQnAiDTUAmCX_@BeKr@gCVCMAU?IPKtBMjAIJGHKDMCAW@a@D',2),(3691,859,'Beeldskool','-26.1834277','28.0082155','00:00:00',0,'',1),(3692,859,'Metrobus Roodepoort Bus Depot','-26.1285999','27.8442426','00:00:00',0,'n~x~Ckj}iDLIt@BXDk@jEk@bEOzAGp@kAxIeAnIoB|Ni@bEc@|BgArHWjBEfADtAJr@Lh@j@bBrAxD~AjF\\|@pAvC`AlC~@zDvAjElCbIpBbGfCxHH^QVi@v@eBjC_@f@e@b@a@VwOfIe@\\[\\qRt`@}IrQ_ArBUv@gApG}Gl_@oEpVIbAFdA`Eph@VjE?d@GZc@fK[jFk@xDi@rEi@vDBb@Eh@u@zFKv@}@rHMNk@~D]xBU|AQnBSdA[jCg@tBm@hBsBjGgDfKgBlFANETuAdEiBtCmGhJWl@ONw@nA_EnGcJ`N_P~UqBzCkLdQsAvBqCbEyItMuDpFcJrNeIdLkBdDo@bAqDvFkBjCoBpCmC|D}@pBe@dA_@jA_@rASv@]zCQtCHvIRfLX`ITbHLtHBnHKdCEj@O|AWzAq@fEyFrZ}A`I_@lBcBvFu@|BkA`EsCrIgHbT{DhMo@fByAbEeC~HqLrY[r@cCpEeEfGwGjJiGxIe@|@aFlJqJrQeLbTk@dBQtASjCGn@RTvGr@i@~E',2),(3693,860,'Plein Street','-26.1998056','28.0442797','00:00:00',0,'',1),(3694,860,'Beeld (Johannesburg)','-26.1834365','28.0082429','00:00:00',0,'xc|~CwkdjDh@fJP~DyCZsKr@qEd@u@H{CZTnCTlEd@|HVpDCb@a@tA[t@a@bBMhBDl@A`A@j@H|@h@xBJf@CZL`Cb@~GJTF~AL|CBh@`@bADPLNTTd@f@JRJd@HnBP|Dp@xLv@lMN~BBXDTQBmBLyCT_F^u@Fc@H_AD}KNa@Dk@RyBv@cC~@eBhAeFfDkBvAm@ZiA`@}@NQB?@ADEDSFYTKRQb@KFC?_ApC_CfHqCtIOt@Gb@YhCMTUPMPERN|ABt@Cv@dCjAEVwAhKeDk@e@CU@GF',2),(3695,861,'Davidsonville','-26.1549591','27.8516564','00:00:00',0,'',1),(3696,861,'Metrobus Roodepoort Bus Depot','-26.1285999','27.8442426','00:00:00',0,'tls~Cuw~hDEx@aCWoAyDo@wDE{@Dm@DY^i@d@k@~AiAhAcAf@m@v@mAz@cBz@cBtA}Bj@s@rBqBfCqBS[Ua@KO?}@RcJiGSoI]m@?iBMSe@aAiAmBgBcGsCoD}AMM}Ai@{@\\{Ah@oBt@wC`A_LvDgHdC{@\\}@d@s@d@UXSToEtH_BdCg@h@y@r@k@`@c@RuB`A]J_ATgALYkBiAgFSk@]mAiCjAeAn@w@RsALkKdAaCZ[Nc@`@aAjBi@pA{@hC]hAYn@e@pAm@rBsBjHaBpFiCnI}AbFcAfEa@f@o@^uA`@aAf@_@\\QNU|CMrAaAlJ',2),(3697,862,'Roodekrans','-26.1073654','27.8457956','00:00:00',0,'',1),(3698,862,'Metrobus Roodepoort Bus Depot','-26.1285999','27.8442426','00:00:00',0,'r_j~Ckt}hDn@yBj@oBeBy@eAm@eCmA|EkOxBsG~AyEtB{G|@cCb@oAHWh@^|ErClAp@vGpDfNtH`EvBxCvAtAV~AR`Hn@dBNvC^`@Hd@PzHjDxBlAdAn@FJRVRp@j@dCb@`A`@d@TBPNbAb@dAb@jGpBdD~@^FRTvGr@i@~E',2),(3699,863,'Metrobus Roodepoort Bus Depot','-26.1285999','27.8442426','00:00:00',0,'',1),(3700,863,'Gustav Preller Street','-26.1487592','27.8362733','00:00:00',0,'jen~Cyi}hDQdBWrCAd@NzBkB_@uDe@p@fLFdAJd@FTNJh@\\dGhAnATnANl@BxBZ~@LnAN|Bh@xBd@fGlA~FbArKrBjOvClGjAjKvBpPzC`Dj@hGhAPwIFoClBBb@J',2),(3701,864,'Princess Primary School','-26.1487745','27.8296854','00:00:00',0,'',1),(3702,865,'Luipaardsvlei','-26.1077424','27.7772838','00:00:00',0,'',1),(3703,865,'Metrobus Roodepoort Bus Depot','-26.1285999','27.8442426','00:00:00',0,'fdj~CagphDg@vEaD_@`@}D`@oDpA{Lf@oFpAsLh@iFC[Dk@VoBNk@j@qAxDgIj@sApHwOzBmElGuM`CoFxKmUhBiDP_@Xo@Zm@L_@FIFOF_@Ja@Fc@FI\\_Bt@}C|@_I|@wH`@oDDcA?wA@yF@m@|@{Hr@_HzAiN|@cJK}ESsA|@_@l@g@l@_AlDuGdBeD|FwKfIgRtBwFvB_GbAuCn@cC~BkMx@iHDuBBkBC]m@mKO_Ck@aKGmBYcF_@oGI_A?o@BuAj@uHLsABW^FRTbCZrCVi@~E',2),(3704,867,'Metrobus Roodepoort Bus Depot','-26.1285999','27.8442426','00:00:00',0,'',1),(3705,867,'Meadowlands','-26.2026186','27.8765626','00:00:00',0,'jen~Cyi}hDh@_FsCWcC[YB]IBWLkAPyBNq@F]XaAZo@Ra@f@}@bKyRzJ_RzE_J`JsMzGsJlBiCrAkCh@gA\\o@bFwLjEsKfCaI`C{Gj@iBpCwJ`H_TbF{ObCqH\\mARsA^oB|@\\`NxF~EtB~D|AxENfFLtDbBjJvEjJ|EdLzFtA`@~@P~BfAfG~CfCvAhGxEzChC`Ar@ZLp@LjDmBj_@kQv@e@~@u@rAkApA{AnJwN`FoHdGeJ^`@^TfBbB|AxAp@`@RHxA`@lAPxABrAIpASdJqBpEiAhCq@lEiAdAS\\CdBEzAFjANpBl@vJvC|Bj@hGhBdWrHxVpHjPzEdBj@hAd@|@f@rDxBrCdBvAz@`An@Xq@Ne@p@iBbB}C@I?Qq@sEw@mFAYCy@@e@RiBgKaBiCc@UfBQFw@h@`A`C]lAi@xAmAU',2),(3706,868,'Meadowlands','-26.2026186','27.8765626','00:00:00',0,'',1),(3707,868,'Deutsche Internationale Schule Johannesburg','-26.1799808','28.0198553','00:00:00',0,'pu|~CktciDlATh@yA\\mAaAaCv@i@PGTgBhCb@fK`BPgBFuIBeDYoIIcB@{BD]`AaEjEqQnG_X~BwJ`AyDb@kBhD|@vHfBzLog@jAuEzFcVvB_JZ{AHm@Au@IcC?q@Fs@D_@F[t@sBbDeIl@_BNc@d@qB`@uCJgB@kA?mAOsCKgIGeI@}AJiBNsATgBTsA|@sDvAyD~@oBrAsBtDuEnD}D~BiC|BsCbBsB?EBQ@KKUMUQMsAw@g@Qi@Kk@GiBIk@Gs@MeAe@cAw@_@a@e@q@a@_AY}AOuAEe@EqCKoCM{AE]a@{Bc@iBkAkFYoBM_BMyCGgDQwDQsCIcA_@oDk@}Dq@}DKo@m@iDq@mDiAkGaAqGg@iFK_BKoCE{D?oAH}DNeDToCVqCBq@JgATuBH]r@wGpAcM~@{I`CiUrByRdE}`@vAmNTsBt@iFp@wD\\cBAOAMEMOSSI]I_@CWAIEiAKgCWcEc@kAUy@WkAi@sCyA{@m@s@w@u@qA_A{B_BqDKGIMuAiCq@_Bk@iAm@}AKWCQ{@oAs@{@gA_AeAq@cDcBuCmAqCs@]GG@KAq@Iq@?YABUPoCZyET}CPuAn@}D~BeNVmATq@zA{CzC}FbJeQrHsN`@aALe@P}@Fm@DeBEeA]}B_DcR_@aCk@eES}BI{F[_@i@[k@][c@IWC]_@wEs@sJKQg@qEsA{LMUGYe@iCu@{ESgBUsBY{DK}BOsEO{DMiCDGOgBQiBOgAOo@a@iAS_@k@q@e@_@eAk@eAYs@Im@AkV\\gHNeKf@{DXqBNmE`@kB^eEbAwIpB{KrCkFfAgALy@FkBAeBKoDWu@Cg@?gDP]BKFODqDZmBZaCNaABaACa@Aa@@mBIw@CS@MDSLEFQ`AkAhG_BdJeBdKMr@Ej@[tBi@QeBm@uAc@y@U[Aw@BoAD_@H{@Ze@XFJTd@x@|AiAh@cAd@k@X',2),(3708,869,'Deutsche Internationale Schule Johannesburg','-26.1799808','28.0198553','00:00:00',0,'',1),(3709,869,'Ghandi square','-26.2066264','28.0433502','00:00:00',0,'dhx~Cor_jDxDiBy@}Ag@c@A?A?CAA?EEAGBIDCJ@@@rAa@XKZEvBGn@@rA^lAb@LGh@IJEHKR]LE`@gChCyNpCiPNmA`@qCd@wCb@aD?O@Q?a@COIOSOSGQDe@VQRMZKz@Dt@NdBEJLb@Xl@`@p@d@h@p@l@t@`@vAd@dBPj@?pCQdDW~Fa@bAEvA@pBJ`CPtBJd@Ct@?n@EjASjAYlEcApFsA`TeFtBYnFg@bEYnCKpPYnR[d@A\\CpBQrA]l@Ub@YZWz@_At@mAZs@^qAPoAFeB?m@DMEoKE{I?_A?OEOCQAu@?_CDsCP}GCu@M_@SWSKQEy@A_C@eDCa@EMIGU?w@CUEOSKi@A{Gh@uEXmCTUaEfAG',2),(3710,870,'Metrobus Roodepoort Bus Depot','-26.1285999','27.8442426','00:00:00',0,'',1),(3711,870,'Deutsche Internationale Schule Johannesburg','-26.1799808','28.0198553','00:00:00',0,'jen~Cyi}hDh@_FsCWcC[YB]IBWLkAPyBNq@F]XaAZo@Ra@f@}@bKyRzJ_RzE_J`JsMzGsJlBiCrAkCh@gA\\o@bFwLjEsKfCaI`C{Gj@iBpCwJ`H_TbF{ObCqH\\mARsA^oBj@cCpHia@b@gCJaAHw@NiC@eBEuDMeFg@iRWiOO}HFsC\\gDv@_ErB_F`@{@fBkCtAsBnE_Ht@{@zBcDdH}KrCwDjIeMZk@bJcN~@uAdAcBfFaItKcPjDeFpLgQ|JgOxD}FnD{FlE}G`A{AlAaBV_@LKxAmERU`E}LxDoLPg@b@uAf@uBj@gEPiBb@yC~@mGCQl@_GNoANqAt@mFNc@He@^qCh@sEj@yDB]j@kLL{C@WEMG}@yEcm@K}A@w@jCaOtFsZtA_IrB{K^qAJ]`A}ApM_XzEyJ~FuLX]`@_@tH_EzFqCl@c@b@k@lAiBn@_A@M@MLm@?G]iAyAmEcDoJ}FaQmIwVq@oBYcAOaAG}@?u@DgAzA_LJsAPoA~AoJNiAHuANqANwApAsJ`BcLvAqKh@cEB}@\\kCDa@Bs@A[UyBIqAUmCkAkLkAiKa@gDGa@g@Ju@Ta@Lu@\\E_@]wCGc@_@iASo@MYi@}@aBmD}BdA{@b@',2),(3712,871,'Deutsche Internationale Schule Johannesburg','-26.1799808','28.0198553','00:00:00',0,'',1),(3713,871,'Meadowlands','-26.2026186','27.8765626','00:00:00',0,'dhx~Cor_jDxDiBy@}Ag@c@A?A?CAA?EEAGBIDCJ@@@rAa@XKZEvBGn@@rA^lAb@LGh@IJEHKR]LE`@gChCyNpCiPNmA`@qCd@wCb@aD?O@Q?a@COIOSOSGQDe@VQRMZKz@Dt@NdBEJLb@Xl@`@p@d@h@p@l@t@`@vAd@dBPj@?pCQdDW~Fa@bAEvA@pBJ`CPtBJd@Ct@?n@EjASjAYlEcApFsA`TeFtBYnFg@bEYnCKpPYnR[`AA\\BtDChBHv@P~@^f@^XZ`@d@b@r@Rh@XhAJp@JhAGLJ`DHjCPdGR`EETBVLzAXjDnC~[|A~SABEHT`@n@dA^v@p@|BRbBFjDBlBDf@XzBx@lFzB`N^zB\\nBHtA?~AC\\C^OfA]jAw@~AaHvMyOpZo@tAO^[rAc@`CcA`Ga@|Bo@`EY|C_@nFIr@G~@JNDHLRPXv@PDFz@PjAXz@X`A^bBv@xC`B`Ap@dAbAp@x@Zd@TX\\l@~BbFz@hBb@~@@H?F\\t@t@bBx@rB`AhBf@l@z@r@zAx@|BjAp@T`AVpARhCV`F`@HCP?jA@t@ADINIP?LHFRCRKNE@Wj@kArFMf@e@`D_AfIqC~WaEl`@kCfWuAvNkC|VaArIc@xFM~CChE@|BPhFRpC^hDxAfJrArH`AhFjBhLNtARbCT`DPbFFlCJtBVzCNhAZnAJd@n@rCn@vCPnANfBH|AFrCH|B^rBBJ~@zAj@h@lAl@x@Vx@L~BNdAPlAf@dC|An@FPDNLHP?RCRMX[RU@o@Dk@LOJeAfAkAtAeBpBgDxDoD~DgA`BeBrCw@`Bg@vAa@nA{@rDYbB[lCIfCBtGFbHPdEFnCCdBAf@KpAMnAWvAo@bCeCjG{ApDg@`BKbAGbBDf@B|AGh@_@jBmJp`@kKxb@aC`KqBa@cKgCeAfE{BtJiEfQ_GlV{BjJCjCb@xK?hAKjMQfByDo@wIuAUfBQFw@h@~@xB@RgAzCmAU',2),(3714,872,'Meadowlands','-26.2026186','27.8765626','00:00:00',0,'',1),(3715,872,'Metrobus Roodepoort Bus Depot','-26.1285999','27.8442426','00:00:00',0,'pu|~CktciDlATh@yA\\mAaAaCv@i@PGTgBhCb@fK`BShBAd@Bx@@XRxAtAfJAZcB|Cq@hBOd@Yp@aAo@wA{@s@c@}FmDsAu@iAe@o@UkBk@oc@qM{XgIuEuA}Ae@}Bk@wJwCqBm@kAO{AG]?eBHiCj@wIzBmCp@eJpBqARsAHyACmAQyAa@SIq@a@WSeAeAgBcB_@UkGdJaCdDcPlWWR?DCLEFOFOAMEa@C[FSHaAV[Ng[`OgBx@{CbBOHmBPU?Sq@Uk@eA}@{DaDaBxCcAbBYf@_@b@]VsCbAaA\\kA`@_CxAyAj@s@PiATSNwD|@eA^{AbAiBbAsG`DqUnKu@^_C|@{@\\{Ah@oBt@wC`A_LvDgHdC{@\\}@d@s@d@UXSToEtH_BdCg@h@y@r@k@`@c@RuB`A]J_ATgALYkBiAgFSk@]mAiCjAeAn@w@RsALkKdAaCZ[Nc@`@aAjBi@pA{@hC]hAYn@e@pAm@rBsBjHoDrLyCpJcAfEa@f@o@^uA`@aAf@_@\\QNU|CMrAaAlJ',2),(3716,873,'Kruinpark Retirement Village','-26.1112233','27.8577978','00:00:00',0,'',1),(3717,873,'Metrobus Roodepoort Bus Depot','-26.1285999','27.8442426','00:00:00',0,'vyj~Cm~_iDLc@{C{AsDlK}@pC~CnBlK~F~@f@rOnItC|AfBv@p@^r@Px@JhBRdGh@dCTrCb@`J|D~D|BZb@j@zBRz@b@`A`@d@TBl@^lBv@bJtClBb@RTbCZrCVi@~E',2),(3718,874,'Azaadville','-26.1719917','27.7505316','00:00:00',0,'',1),(3719,874,'Metrobus Roodepoort Bus Depot','-26.1285999','27.8442426','00:00:00',0,'zuv~Cy_khDd@gK~Hl@DDFBzBNhCXJ@bCP|ANRFJLLVPn@|@vC`AlCN\\JNXPHRMpBUnChCq@hBe@xGaBxCu@bAKt@EKkB[kGAI?I?K@EEeB[cEUeCG{ASuDY}Ck@}Dk@iCQaAEACCIU_C_LkBqJ@UEMkDeQeBuIiJ{c@aDuOaKyf@kCsMYaBe@iDi@iFQeBYaHI{EBeFHwDLkDLgCz@yPTsBj@qDpAkIn@iEbE_W?e@NgAp@sDjBuLdAyGxA{IP_@NwATmBN{CH_DEwVAiDCmBQ_Be@eBSe@_A{Ag@q@aH{I{BcC}JeMwBoCQUISqCiDw@eAg@aAe@sAe@yBASKUEs@AeAFwBFw@{@wBsAwCO]UYu@k@SG_@IQCaFKcAAu@AwAAoKQ{IIwEEcLKcLMyPUgKG}@?k@Am@Eq@EyDu@sCk@wBa@oKuBeEs@kKqBiEy@aE_AkGgA{UuEmKoBqH}AgAO{DaAaB[gDg@g@USC}AUaBY{E}@_@Ew@IC{@]uG_@oGI_A?o@BuAj@uHLsABW^FRTbCZrCVi@~E',2),(3720,875,'Metrobus Roodepoort Bus Depot','-26.1285999','27.8442426','00:00:00',0,'',1),(3721,875,'Azaadville','-26.1719917','27.7505316','00:00:00',0,'jen~Cyi}hDQdBWrCAd@NzBkB_@uDe@p@fLH`BVlErApVBbCMlDq@pF}AjIa@dCa@vAsBjGyDdKiJrTyEzIUb@cIfO_@^GPCL?TBLHPf@\\~Ap@jAf@`A\\Qd@o@jDo@bEGb@Y`CBLEh@SpA[lBcA|Hw@xFQf@Gz@QzDSbF{@hTQbE@L?PFtA?fA@PC`@DtBL`CPtCLdDA|@Cb@oArFmAxF_BdHsCzLy@zCoDjO{DrPS|CUdE_@vJWrF[hFqBpM[fCa@dDQnDdQjAfHf@vDJzD@HFlEIpDKzLYrGGLExCGhACtCE|AAtAFnBFvALNHJ@jAJhDj@zAVdAXxBl@zAh@`A\\THxDnBlDzBtExD|DnEfAzA`CjDr@hAhBdCvC|CdCpBPDrCdBzDzBjBlA~EvB^VjBp@bD|@tEbAtATfGl@\\CtCP~E`@pCPbF^PFzJj@PCnKh@pKx@LFlG`@jKn@ZCnDRdBHhCNCXKdBMpCuBj`@WjETd@NT`@`@`LdAhIj@rHr@~Gh@U|E_@zG`DPdHl@TwE',2),(3722,876,'Florida','-26.1794173','27.9161125','00:00:00',0,'',1),(3723,876,'Ruimsig','-26.0819964','27.8633774','00:00:00',0,'jdx~CyjkiD|DjAx@wDZwAnGqYPeAiCe@i@Q_ASyAOwABWAgB[oOmBaEc@yGaAUkBy@iIcCyUmBeRQkBoAmLm@eGKOa@uCUWPk@l@iBf@uBZkCReAPoBcB}@{@Y{@MqB@oATwAb@eEzCiEdDyC|B{DzCmFzD}C`CoDjD_@^gD`Ew@pAwC~E_F|IgArBiAjBq@bAeBrBkCvBsAz@qAx@aBr@iFbBoInC{PrFmH~B_WbIg@NsAn@s@^k@^WHcAn@iErBsDpBaSjLuBtAsAr@cH`EgAj@oF|Cw@d@oC|AkC~AuBlAcElC}AhAwCdCaGlFwAbBi@j@qCbDgFxGeFpGm@t@s@lAs@x@o@~@_GpHeMbPuNpQuE|GQJoB|CoAbC}AxCqAvCkAxC{AjEuDpKwE~JW^Qf@}@nAsDhFsAfBmAvAu@t@uCdCkBfBuC~Be@RWReDnBoDpBiCxAgDnBsGzE{NrLiO~L{CzBmFpEg@b@eFzDOZuB`BiFnEwAjA}AfAgA~@MP_Ai@iEsBgAk@yCcBy@a@U\\oAjBCT@NLLDBz@f@h@j@`@l@FR?^Ul@MVSP_@XuMhGcKdFiLzF_B|@tBhDPl@s@r@',2),(3724,877,'Westgate Shopping Centre','-26.1401993','27.8607578','00:00:00',0,'',1),(3725,877,'Metrobus Roodepoort Bus Depot','-26.1285999','27.8442426','00:00:00',0,'hpp~Cmo`iDTMB?HFt@|A[NYN]Lm@HiAEUBs@Jk@RSPa@NiB|@u@f@a@Lo@LgK`AuBVwAR[Nc@`@]n@mAlCaBbFiA|CsBbH}AnFmAbEwDzL{@vDUf@k@d@c@Rs@Rm@Tk@Z]ZSP]pEgAlK',2),(3726,878,'Allen Glen High School','-26.1204007','27.9205342','00:00:00',0,'',1),(3727,878,'Metrobus Roodepoort Bus Depot','-26.1285999','27.8442426','00:00:00',0,'rsl~CifliDOKb@}@hCyE|BuEp[jTpFrDtFzDPFpErCXTh@\\tBpAx@b@hDfCnDfCX\\l@f@Zb@dBtAtBrBhF`FpE|DDNf@b@vDnDd@`@ZZn@|@j@nA`@`Bh@xDt@lGHRZtADB@B@J^~AAJZdAJb@@Bh@jBD\\BlBBvFBbB@?BBBHALIDKE?A_AlG@L_@pBCJ@?@@@@@F?FEFA@LtBTxBGTLjBd@xGF\\FJFNb@^^Vd@RKVu@vBaAjBi@f@y@n@[j@ALG~@K~@Qp@M^a@t@_Ax@{@d@gA\\qHtAiK|AkIjAm@Le@RcAf@gAj@g@h@m@j@Wj@g@|@YtAQvASdBMh@]fB_@xAuArCo@nAa@p@c@^YV[XWVgEvDg@j@_ApB}BdGw@|BmC~HMb@sArEOp@K~@Gt@QjFInFAnF?zBCfEGhBWdCU~AqA~Ga@rBoA`Gk@xBm@nB_D|Hs@fByEzLgEtLkDnJ]dAyDnLk@dBYrAuBxJi@dC~ARvD\\nE`@vC^`@Hd@PzHjDxBlAdAn@FJRVRp@j@dCb@`A`@d@TBPNbAb@dAb@jGpBdD~@^FRTvGr@i@~E',2),(3728,879,'Metrobus Roodepoort Bus Depot','-26.1285999','27.8442426','00:00:00',0,'',1),(3729,879,'Hoërskool Roodepoort','-26.153605','27.8727663','00:00:00',0,'jen~Cyi}hDh@_FsCWcC[YB]IBWLkAPyBNq@F]XaAZo@Ra@f@}@bKyRzJ_RzE_J`JsMzGsJlBiCrAkCh@gA\\o@bFwLjEsKfCaI`C{Gj@iBpCwJ`H_TpCwI`@PvF|B|CpAZRh@n@~AbC`C~CxHqGzFeFLQ`DvC|ChC|CzCdDrC`A~@[dASNa@D',2),(3730,880,'Metrobus Roodepoort Bus Depot','-26.1285999','27.8442426','00:00:00',0,'',1),(3731,880,'Wilro Park','-26.1169908','27.8516564','00:00:00',0,'jen~Cyi}hDh@_FsCWcC[YB_Be@iBi@kGqBmAg@w@_@a@e@a@e@c@aAk@eCSq@SWGKeAo@yBmA{HkDe@Qa@IwC_@oEa@wD]_BSa@Ed@}B',2),(3732,881,'Wilro Park','-26.1169908','27.8516564','00:00:00',0,'',1),(3733,881,'Deutsche Internationale Schule Johannesburg','-26.1799808','28.0198553','00:00:00',0,'b~k~C{w~hDdBiIh@qC~F_QpB{FdGoPnDkJdAiClD_JPa@xAiFfBiIxAcIb@iCNmAJwBAcI?cDNaKD_DFg@LoAvAwEhAsD|@sCpBoGtD}ITYvDwCpBkBn@s@xAuCb@}@p@mBh@qCh@yE~@iCvAgBnBuAjCaAhBWdXcEjCc@`AUd@Ul@c@Z]\\g@HMZ{@LiACq@C_@PIr@e@tAiAdAoB`AoCnE{MdAqCdF_Ol@y@p@k@b@QXMh@Oh@AdABz@Hn@@v@V|AT`C`@NGf@?d@K`@]p@iBr@_Br@_BlC_EhGiJxAoB|@mAxHyLnCsDxFuIlB{CpLkQvA_CfC{DxG}JnDmF~CwE`KcOfRgYzDgG\\o@pFiIZi@tAkBLKDMzAiEJKfBmFrAeEtDaL~@uCf@uBZkCReAPoBT}A\\yBj@_ECQt@kHL}@z@cGBa@Nc@h@wDh@sEj@yDZkF^kJB[CQE[KyAi@_H}Cq`@UkC?_A^}BvA{HfIgd@|BeMf@sBPc@@KRWbAiBnF{KpHoOnJwRX_@\\]pDmBfEyBdD_Bf@YXU`@c@hAcB|@sABUJk@@O{@oCqEyMaFcOwLc^WsAIeAAo@@eAJ{@r@aFb@kDBi@Ho@tAmI`@gCLkBXoCpBeOxCwSl@}EDaAf@gEAu@O{AUkDsA{McBcOYyBaATsBv@g@kEI]Ww@Uq@w@yAaBmDiAh@cAd@k@X',2),(3734,882,'Lindhaven','-26.1457737','27.8501912','00:00:00',0,'',1),(3735,882,'Metrobus Roodepoort Bus Depot','-26.1285999','27.8442426','00:00:00',0,'|rq~Cgq~hD{@WiDkCgHwFgDaC_@Ow@_Mq@{KMuAk@`@yCtAgAZgARU?AU{AkHKc@Ws@Ss@a@NiB|@u@f@a@Lo@LgK`AuBVwAR[Nc@`@]n@mAlCaBbFiA|CsBbH}AnF}CbKgBzF{@vDUf@k@d@c@Rs@Rm@Tk@Z]ZSP]pEgAlK',2),(3736,883,'Sunninghill','-26.0323925','28.0742249','00:00:00',0,'',1),(3737,883,'Metrobus Roodepoort Bus Depot','-26.1285999','27.8442426','00:00:00',0,'zk{}C_gjjDD{BEiCC[uA@sK\\{Qj@QdJKfDQzC_@tGxCVnCRlFb@jFb@LCdBJbDPrAJ_@fAkSvl@@b@JXLPtElAj@TVHjB^j@LxBNdAAxBOdHqAxB]fBO`A@fALtI`AtCVbGp@CvAId@{AxDO^Sr@Qv@QbAOrBMpFGvEAJKN?f@A|@MlIc@fLInAu@zFaBlJs@dFShAc@fC_@hB}AxJmCtPG`@uAfHcB`KId@MlAc@lFGlACjAEzA@vC?pA?f@@r@RxDThDb@vDnCpPnAlH`FtZvAbIxAzHp@tCf@~B|BdJj@zBBHtBxHzB|H`AlCbAdCt@|AzAvCpAvBrAfBvClE~Z``@vDvElWp[|LjO|U|YzSdW|N|QzDdFfBnBrAnAhC`CjBxArDbCzQfKvGdDpCzAxGnDdCfAh@NNDrDhAlI`B`Ep@xHlAbFx@zCb@xGbA|[rFjQhCtKfB`Cd@`Cp@jAZhDhAnF`ChDbB~@f@`KfFfQpIpKpFlEtBh@XdAd@TTrCtApCrAbHfD|BnA|@h@dFrD`@ZfB|ArBlBtDbEvFjGzJlLzMpOdIlJfDxDvEhFpDrDdDjCrCpBlPnJdSdL~_@vT`B|@v@b@`ItDpOhGbFrB`FpB|EnB~@^LAP@b@LdAb@jHrCbBr@pDdAlCx@~ANtBJhABVJKhCCrAIbC@f@?jAMbDCjAErCEr@GNa@bAs@|@Q`@_@f@m@hAOh@u@rCUt@Yz@O`AAdATfA`@v@HFh@b@x@^~ARdANbBR`Cd@|ALnB^zB^d@NpBbAfAb@b@JhBZzAv@\\TjC~Bt@t@TTKRyItMuDpFcJrNeIdLkBdDo@bAqDvFkBjCoBpCmC|D}@pBe@dA_@jA_@rASv@]zCQtCHvIRfLX`ITbHLtHBnHKdCEj@O|AWzAq@fEyFrZ}A`I_@lBcBvFu@|BkA`EsCrIgHbT{DhMo@fByAbEeC~HqLrY[r@cCpEeEfGwGjJiGxIe@|@aFlJqJrQeLbTk@dBQtASjCGn@RTvGr@i@~E',2),(3738,884,'Metrobus Roodepoort Bus Depot','-26.1285999','27.8442426','00:00:00',0,'',1),(3739,884,'Sunninghill','-26.0323925','28.0742249','00:00:00',0,'jen~Cyi}hDh@_FsCWcC[YB]IBWLkAPyBNq@F]XaAZo@Ra@f@}@bKyRzJ_RzE_J`JsMzGsJlBiCrAkCh@gA\\o@bFwLjEsKfCaI`C{Gj@iBpCwJ`H_TbF{ObCqH\\mARsA^oBj@cCpHia@b@gCJaAHw@NiC@eBEuDMeFg@iRWiOO}HFsC\\gDv@_ErB_F`@{@fBkCtAsBnE_Ht@{@zBcDdH}KrCwDjIeMZk@bJcN~@uAdAcB?u@AYUSmCcCo@c@{@a@u@O}@Qq@So@[aBu@y@[yEw@}@MgC_@o@IqDm@{ASy@c@o@k@S[Q]UgACeAP_A^{ANk@TeAh@sB\\}@Ra@pAcBLS`@{@LoABg@Bo@BkAEiANmEUq@MUKSw@g@kCaBsGiEmBeA_DwAsCoAuBy@e@SQUiBu@kFsBq@WuGeC_@OyBy@cW{KqBiAm@[{WsOsa@wU}KuGcCeBiByAyCuCcAiAaEsEaHaI}IgKoFkGeE}EsDaEqHuIeEyEcAcAyDkDgCoBgBkAcC{AmE{BeGwCgI}DoQ{I_HcDcV_Lg@WkKuEgEgBcFuAmIqA}B]aEq@{F{@{OkCuU_EwHmAwF}@yEu@{KoBiCm@gDcAeAa@u@SaBq@eHoDcCoAq@_@qC{AwFcDuG{DkC}A{F{DsAeAmAkA}AyAwCkDoDkE{EaGoG_I}Xo]oQ_UgN_QqCiDgJ}KuHoJqE_GiZ}^qBsCuCcFSg@{@gBg@kAaAcCiAiDkEkOiCmJUw@}AuGmAaHiJkj@YuBUcAk@cDUwAcAoGO_A]_CQiBWgDAk@OqCEgCA{BDeC?SPgE`@}ED[T{Bl@kDN}@Hg@tBmMxCeQtFg]`AyFPmAFcBN{APmCVgFF_D?yAGgDBaBF}GHmE@i@IMACG]QYSOWIc@E[A?KLuAJmAHwA]iBQ_AE}@Se@GIGI_@EkFm@}@EkACuAFeBTgDf@aDv@mBNsADi@AsASs@QQ?YIyDaA}Cy@iBe@Fc@Tk@hQch@r@sBASA]GQUSQK_AIiCUMGwFe@mIq@}D[p@qLRaIHkENAhFQbOc@rHWRB@JDjAAvCAp@',2),(3740,885,'Quellerina','-26.1580471','27.9386367','00:00:00',0,'',1),(3741,885,'Metrobus Roodepoort Bus Depot','-26.1285999','27.8442426','00:00:00',0,'`_t~CiwoiDKRLdEBlAH@n@@\\Df@Lt@f@nB~CfBcFpAsDj@mBbB{FhB}GXi@tCuCz@{@r@a@fCy@xBe@TEBZXzAPj@d@nAl@vAbBlClBdDxAhC`CrEFN@V~@tAZp@Dz@StJb@xKZ~FTn@\\h@TXv@j@XNOP_ClD}BhDWl@ONg@v@_BhC{A|BsFlIwInMgL~PuLvQ_AzAeDxEqDvFiJbNcJrNeIdL{B|DqEbHgDvEwCjEi@v@i@hAy@lBu@dCQp@_@vBUfCEpABbENtJLnFTfHTrG@tALtI@nA?hBGpBEj@_@zCu@lEWbBoBnKmAjGcApFq@`DUxA]`BSp@sBxG}AjFmGjRmDjKgDtK[bAaCzGeC~HwEjLsFxMaClEoBpCyAzBaGlIeGtIi@x@kEnIaFhJyCxFmKvRy@~Ai@xAKv@S~BOdBRTbCZrCVi@~E',2),(3742,886,'Metrobus Roodepoort Bus Depot','-26.1285999','27.8442426','00:00:00',0,'',1),(3743,886,'Pick n Pay Hyper Princess Crossing','-26.1299218','27.8489237','00:00:00',0,'jen~Cyi}hDnAaMT}CPO^]`Ag@`@Mr@Sn@_@`@g@r@{Cd@_B~@}CuB{AA?CBMBo@tAr@f@DPENwAlCI@',2),(3744,887,'KFC Jabulani Mall','-26.2502698','27.8573609','00:00:00',0,'',1),(3745,887,'Metrobus Roodepoort Bus Depot','-26.1285999','27.8442426','00:00:00',0,'t~e_Da}_iDc@@yBB?n@iCDGtDGzBQvI?TiBKmDa@s@QyFgBc@SuI{D_PiHaAc@kFeDmCaB_Ay@wEyEwEmHo@sAi@gA}BcGe@oBSqBUkBQqCQ_DCaBAgBKeA_@aBgCyIi@}AoBgGaA_DUo@Yi@u@{@{@w@i@MK?UBs@`@}@b@kAj@qFxBsBr@s@PkBNaAAaAI{AUcDg@aAGq@@sALyB^kGdA{Cf@uBVgGt@oBNcStBuCXqE`@oIz@qHl@c@Dc@?eADwBAw@Gk@KaCm@cAa@iHgEcHiEaI_FsDyB}@g@iAe@eBk@kP{EyVqHeWsHiGiB}Bk@wJwCqBm@kAO{AGeBD]BeARmEhA{IzBeJpBqARsAHyACmAQyAa@SIq@a@}AyAgBcB_@UkGdJaCdDuElHmI~MMLID?B?DEJEFQDOAGCQC_@?a@NaAV[Ng[`OgBx@{CbBOHmBPU?Sq@Uk@iCyBwBeBaBxC}AjC_@b@]VsCbAaA\\kA`@_CxAyAj@s@PiATSNwD|@eA^{AbAiBbAsG`DgJdE_LhF_C|@{@\\{Ah@oBt@iJ~CcH`CqE|A{@\\}@d@s@d@UXSTiCnEeAdB_BdCg@h@y@r@k@`@c@RuB`A]J_ATgALYkBiAgFSk@]mAiCjAGD}@h@w@RkIt@sC\\aCZ[Nc@`@aAjBi@pA{@hC]hA_A`CgBdGgBhGcChIaCvHe@~As@zCa@f@o@^s@Ra@LaAf@_@\\QNU|CMrAaAlJ',2),(3746,888,'Metrobus Roodepoort Bus Depot','-26.1285999','27.8442426','00:00:00',0,'',1),(3747,888,'Soweto','-26.2485377','27.8540323','00:00:00',0,'jen~Cyi}hDh@_FsCWcC[YB]IBWLkAPyBNq@F]XaAZo@Ra@f@}@bKyRzJ_RzE_J`JsMzGsJlBiCrAkCh@gA\\o@bFwLjEsKfCaI`C{Gj@iBpCwJ`H_TbF{ObCqH\\mARsA^oB|@\\`NxF~EtB~D|AxENfFLtDbBjJvEjJ|EdLzFtA`@~@P~BfAfG~CfCvAhGxEzChC`Ar@ZLp@LjDmBj_@kQv@e@~@u@rAkApA{AnJwN`FoHdGeJ^`@^TfBbB|AxAp@`@RHxA`@lAPxABrAIpASdJqBpEiAhCq@lEiAdAS\\CdBEzAFjANpBl@vJvC|Bj@hGhBdWrHxVpHjPzEdBj@hAd@|@f@rDxB`I~EbHhEhHfEbA`@`Cl@j@Jv@FvB@bAK`@IvBUtD[pAMpGu@j@ErO{AbAKrMsA~JiA`BYbKgBxB_@tAEfBJx@J|B`@|ATbB@v@Ep@Kj@QTGrEeB|CsAlAo@tAs@NMxA`A`A~@|@`B`@hA~A~E~@pCj@|ArC`KNjAF~@BfBBfBP~CVnD`@zDh@rBjB|En@xAt@xAlElHnElEnAdAfC|AvA`ApCdBlChAjBx@vAt@tJlElEjBp@XpAd@vDjAr@RfD`@jBH',2),(3748,889,'Soweto','-26.2485377','27.8540323','00:00:00',0,'',1),(3749,889,'Roodepoort','-26.1472785','27.9010334','00:00:00',0,'jte_Duf_iD?NiBKmDa@s@QyFgBgEkBsNuG_H{CkFeDmCaB_Ay@wEyEwEmHo@sAi@gAs@kBiAwCe@oBSqBUkBQqCQ_DCaBAgBKeA_@aBgCyIaAsC_CuHo@kBYi@u@{@{@w@a@KSAUBs@`@}@b@_CfA}D|AsBr@s@PkBNaAAaAIoDm@oAOaAGkABoBXiGdAaFx@}JlAqMnAwJdAgIt@yGp@{CTuCVc@Dc@?eADwBAw@Gk@KaCm@cAa@_CsAmFaDuHyEiKmGsAu@iAe@o@UkBk@iU{GgQiFo[iJ}Ae@}Bk@wJwCqBm@kAO{AG]?eBHiCj@kFtAkBd@mCp@eJpBqARsAHyACmAQyAa@SIq@a@WSeAeAgBcB_@U_@a@`CuDvDmGbBeD|BmEdAoCz@}Cn@iCZuAx@sEtBuKr@eD`@kC\\sBb@}DbB_Nj@oE~@iEvAsFo@MwBYqOoBkCUcEa@{Dg@gGu@oYsDkGs@aCUgAUo@Sm@MsHaAsHaAeH}@cGu@_Ea@gDe@{A[uBo@qEm@}B]wIeAcM}AiKuAkC]mBQsAO[J_@LSHqDvFgDvEwCjEi@v@i@hAy@lBgAvD[I',2),(3750,890,'Helderkruin','-26.1241653','27.8692376','00:00:00',0,'',1),(3751,890,'Metrobus Roodepoort Bus Depot','-26.1285999','27.8442426','00:00:00',0,'xkm~CoebiDfAmGP_BHeB?qAAgE?mEJ{HZBtBN?H@hA@vB@dHBnFQfDk@pDq@tCGjB?`AG^a@fA]~@g@jBAFDTLLzCjAm@nBbDjAND\\BjFErDFnALlA\\d@b@d@~@DXFj@EbA[hCo@rFCn@B^Pt@dHrO`CnF^x@f@n@vB~A`BdAfAn@j@b@IVm@dBq@~B{BzHiAxDkCpI_BnFo@rCUf@k@d@c@RaBh@k@Z]ZSP{@~Ji@~E',2),(3752,891,'Ferndale','-26.0875503','27.9922582','00:00:00',0,'',1),(3753,891,'Panorama Primary School','-26.1345831','27.9238423','00:00:00',0,'~ef~CeeziDx@HRaC`BuQjLnA`Gp@TBm@bHIzAy@lIIpA@hALnAvB`LdBfJ`@jCb@dCh@hBn@dB^rAXnBBpAM|A]dB[nAaExOyBrIkEtPYnAAp@Bh@Jd@lArD~AtE\\hA\\fBJjABrBEbB?rCMnIY`O?hBKbG?fBHhA^vB^zBdAlGb@zBTz@f@lA|@hBtApBV\\xAhBb@\\l@^h@T~@`@`DrAdAb@hChAlAx@`@^l@bAZv@\\xAnBQt@@fAVnAb@|A`B~AbCLRNJ\\T\\JnBp@fAp@pB|CrCxEXRzBfD^Pf@?d@CfF}CjNiInOyIdBxDzAzCtClFjBfDrB`E`BhDp@hAfBbDrA~BlCbEtAfCt@bB~@|BhA|CbBbGz@vDRrARdB^lFFnANjF?tBAzAz@J|EnArATvATr@PjBt@v@NdDx@nA\\`Dz@jDz@t@Lt@DnAF|BJvELpGPfCH@hCJ|IfCYHB^NtCfBlClB|GzEv@b@HNp@tAbDlHWNC@IS',2),(3754,892,'Panorama Primary School','-26.1345831','27.9238423','00:00:00',0,'',1),(3755,892,'Allen Glen High School','-26.1204007','27.9205342','00:00:00',0,'llo~Ce{liDHRBAVOcDmHq@uAIOw@c@}G{EmCmBuCgB_@OICgCXsE\\yDV}CVsIp@iD?{BLa@BC\\S`Ci@zFOdAIb@OZ_BrCsBdEOI_AlB}@fBiCxEc@|@NJ',2),(3756,893,'Allen Glen High School','-26.1204007','27.9205342','00:00:00',0,'',1),(3757,893,'Randburg Centre','-26.0913463','28.0068197','00:00:00',0,'rsl~CifliDOKb@}@hCyE|BuEuGqE}@q@g@g@Yc@]{@]w@q@wCUkBa@kIOsCe@mKIuCG_E@kD?qAE{CIiCWeEYsDSsA[}Au@cDaAgDcAyCeCiGo@mAqCqEaA{AuAcCaB}CeAiBaDwGoC_FsDeHcAqB{@qBiDlBmJrFqJxFqK`GQN_@Ok@gAqBwCKa@sCyEqB}COMu@c@w@WwAe@m@a@_@m@mAiB}AaBoAc@gAWu@AkAJy@Ji@gBUi@e@o@_@e@aAs@k@[cFwBiEgBk@Y[W][y@_AwC{D]q@u@oBk@sBwAuIk@uD[cCEs@?_A@cAHoELsIXkSBcC@oDCs@]qBw@sC_BmEcAcDGe@?u@Dm@Lm@ZiAxAyFvFwT`D{Ld@gBPaAJ_B?eAM}ACQg@wAi@yAw@kC]wB_BeJeCoM_@uBIaBFeBz@mJrBcVmI_AyH{@c@G^iEt@iIxBmVZwDXaERmCE]@WN@tFl@BG@KDa@',2),(3758,894,'Village Main','-26.214211','28.0500779','00:00:00',0,'',1),(3759,894,'Gandhi Mall','-26.2072982','28.0432846','00:00:00',0,'h~~~CooejDEHEdAAP{@KqD_@OCAxB@|H@nABfE@`@DPPp@Hd@LrAAhJEx@q@rDUjAAj@AXG?OCQGs@k@y@o@IEIAkAAqFAwF?gEZmBNIkAY{F',2),(3760,895,'Witpoortjie','-26.1631828','27.8252814','00:00:00',0,'',1),(3761,895,'Metrobus Roodepoort Bus Depot','-26.1285999','27.8442426','00:00:00',0,'v`u~CyqyhDcAbCeDwAgEuBoLoFmNuG}Au@bBuDsCsA_F}BaDyAcHeDdAuA`@w@J]A{@Eg@sDEqGAk@Am@Eq@EyDu@sCk@wBa@oKuBuFaA{IcBiEy@aE_AkGgAmIcBuQiDeEw@qH}AgAO{DaAaB[gDg@g@USC}AUUEgHqAwAOGmBYcF_@oGI_A?o@BuAj@uHLsABW^FRTbCZrCVi@~E',2),(3762,896,'Ruimsig','-26.0819964','27.8633774','00:00:00',0,'',1),(3763,896,'Metrobus Roodepoort Bus Depot','-26.1285999','27.8442426','00:00:00',0,'hee~Cu`aiDr@s@Qm@uBiDNI`EwB|FuCvE_C|DoBtN{Gz@q@`@{@BS?KCQa@q@o@s@aAk@GEEO@WlAmBVa@DKx@^`Ah@|CbB|BhAtCpA|@^rHzDvCrAj@b@dB~@pRrJbPbIh@Rb@HZBdAE\\Iz@[VSd@i@t@gAxDeF`AiA`@]t@c@TKrBo@x@KpAEfDDnB??Z?tA@~C?~C?~CDxLFvGFvBPtBJ|APnAn@nClAbDlBnCfAbAh@^|ErCdInEzDvBlOhIxCvAtAV~ARvD\\nE`@vC^`@Hd@PzHjDxBlAdAn@FJRVRp@j@dCb@`A`@d@TBPNbAb@dAb@jGpBdD~@^FRTvGr@i@~E',2),(3764,897,'Metrobus Roodepoort Bus Depot','-26.1285999','27.8442426','00:00:00',0,'',1),(3765,897,'West Ridge High','-26.14413','27.87264429999999','00:00:00',0,'jen~Cyi}hDh@_FsCWcC[YB]IBWLkAPyBNq@F]XaAZo@Ra@f@}@bKyRzJ_RzE_J`JsMzGsJlBiCrAkCh@gA\\o@bFwLjEsKfCaI`C{GDQTJ`A\\`@?b@Kf@YlCgCDm@`@qDZF~Ej@L_@',2),(3781,898,'5 Impala Ave','-25.8608484','28.2195732','00:00:00',0,'',1),(3782,898,'6 Springbok Rd','-25.8612044','28.2216269','00:00:00',0,'x_z|C_qfkD\\WfAIb@CNAGwBOwCAc@GSEOIIMCKC_Bt@mBf@cAXyA^}C`AcA\\qBl@CY\\M|Ae@HCbEuA~H_C',2),(3783,898,'Dooringkloof Mall Botha Ave, Irene','-25.85531','28.21849','00:00:00',0,'l`z|Cs}fkDvBu@LxALrBfAhXFzB@R_@?Ae@GuAe@sLWmHOwCAc@GSEOIIMCKC_Bt@mBf@cAXyA^}C`AcA\\yLpDoFdB',3),(3784,898,'80 Amkor Rd','-25.8429459','28.2140067','00:00:00',0,'nzx|CamfkDgPzFkCt@cG`B{Br@qHlBkNtDiL~CcEfAIc@j@Q',4),(3785,898,'50 Botha Ave','-25.8352531','28.2100744','00:00:00',0,'pmv|CcpekDpEmAfFwApFyAtMoD`EaAXIJd@sBd@qQzE{JnCcKjCoJnBqCv@{@VuGrC{CnAiFrBoCpAqAj@',5),(3786,898,'McDonald\'s Lyttelton Drive-Thru','-25.82845309999999','28.2066174','00:00:00',0,'x|t|CeydkD}EdB_FnB{CrAsDtA}J|Dk@^QREd@Tr@d@zAQDW?I?GEGKe@eBKK_@AWD',6),(3787,898,'Hofmeyer Road & Botha Avenue','-25.82061','28.20464999999999','00:00:00',0,'vrs|CwcdkDb@EVBJNf@hBLFJ?P?e@yAI[QWWQSGGAWHcAX_Cp@iAT_@@_A@iAEgAEiAAo@Fk@Hm@NcFhBgC~@{ChAgE|AqDnAWoAYK]Dh@i@Ln@DRF\\`@OVG',7),(3788,898,'329 Botha Ave','-25.815234','28.202724','00:00:00',0,'~ar|CquckDtBq@|GcC|CiA|DyA~Ai@v@U`AIdAAxBJfB?bAIf@K|Bo@jBk@RIRGDT_@LWHaD`A}A`@w@FkABeEM}AH_ATsI~CkC`AgFjBmC`AsDhAqF`BwD~@gCp@_E~@kA\\kInB{HlBkMvCcFpACo@r@OrIeBlH}AdM_D`Cm@',8),(3789,898,'Botha Avenue','-25.80947444424778','28.20042967964112','00:00:00',0,'n`q|C}hckDfAYF\\QDkInBe@LqNhDcJtB',9),(3790,898,'8 Fountains Rd','-25.7838728','28.1945306','00:00:00',0,'d|o|Cu{bkDoCv@mGtBmIfDcEnAgBd@kCl@iIvAuAT{B`@{OnCsDl@mE^iAFe@?gA?aA?wDWmHg@S@sELmBPeANu@Lq@PcCv@mD~@yGlBkJnC{Af@c@Li@^{B~@uBd@_C\\wBL[BUJUT@l@DzABhADv@Hh@\\tA`AjBhB~Ct@`BTr@i@HIU]cA[u@Yi@iBwCm@qA[mAIs@EcAAwAEqCE{AG}A\\?bLgBhAU',10),(3791,899,'Fountains Valley - Christina de Wit Ave & Eeufees Rd','-25.78179','28.19344','00:00:00',0,'',1),(3793,899,'D.F. Malan Drive','-25.8089865329655','28.20060936244687','00:00:00',0,'doj|C}oakDlAIxBWrAWtGmAx@O`FoAjHkBjEmAxEuApFmA`@GvAQdCK~IF|AB`EAhEQdBKdD]pE{@jGwAj`@mJbGyArAWbFcApDw@_@M',2),(3794,899,'325 Botha Ave','-25.815822','28.202973','00:00:00',0,'dyo|Cy|bkD^LrIeBlH}AnCs@~NsDn@Q',3),(3795,899,'Hofmeyer Road & Botha Avenue','-25.82061','28.20464999999999','00:00:00',0,'fdq|CijckDrJeCpHoBxFiBVG',4),(3796,899,'Lyttelton Pharmacy','-25.828784','28.207244','00:00:00',0,'~ar|CquckDtBq@|GcC|CiA|DyA~Ai@v@U`AIdAAxBJfB?bAIf@K|Bo@jBk@RI',5),(3797,899,'Centurion','-25.83495','28.21082','00:00:00',0,'zts|CgfdkDrMgFvIoDdMaF',6),(3798,899,'80 Amkor Rd','-25.8429459','28.2140067','00:00:00',0,'l|t|CazdkDjNwFrF}B|D{A`Cu@~A]dBi@pDw@jCy@',7),(3799,899,'Doringkloof Link Apteek - Baby Clinic','-25.855601','28.218705','00:00:00',0,'pmv|CcpekDpEmAfFwApFyAtMoD`EaA`LaDbK_D`EsAfDeAHT',8),(3800,899,'6 Springbok Rd','-25.8612044','28.2216269','00:00:00',0,'n|x|C{mfkDIU\\KnFgB~C_AtFeBdEuAlCw@nCy@',9),(3801,899,'5 Impala Ave','-25.8607675','28.2190208','00:00:00',0,'l`z|Cs}fkDvBu@LxALrBfAhXFzB@R_@?gBJ?@A@ABEBO?EG[Ec@ACBCBICCI?C@CAM@YIcBK_CEg@Ca@Oy@SeAMeAHy@PW',10),(3809,780,'Witpoortjie','-26.1631828','27.8252814','00:00:00',0,'',1),(3810,780,'180 Dromedaris St','-26.1522515','27.830262','00:00:00',0,'v`u~CyqyhDcAbCeDwAgEuBoLoFmNuG}Au@_JyDwHqDkB_A',2),(3812,780,'81 Dromedaris St','-26.16269999999999','27.8247','00:00:00',0,'d{r~CkszhDfGvCxI|DbInDz^~PpB~@',3),(3813,780,'71 Van Alkmaar St','-26.16579','27.8223','00:00:00',0,'x{t~CeoyhDzFnClF`C\\Lx@bAt@|@Ul@AB',4),(3814,780,'19 Muizenberg St','-26.16242','27.81873','00:00:00',0,'xnu~Cq`yhDgBbF}GnRuCeAwBcA',5),(3815,780,'28 Boren St','-26.1615','27.81914','00:00:00',0,'dzt~CgjxhDsDgBKV',6),(3816,780,'6 Boren St','-26.16048','27.81719','00:00:00',0,'dtt~CwlxhDiEfK',7),(3817,780,'2 Leerdam St','-26.15674','27.81889','00:00:00',0,'zmt~Co`xhDs@`BiD}AaCiAqFaCoCoAOGTk@',8),(3818,780,'38 Leerdam St','-26.1586943','27.8219155','00:00:00',0,'~vs~C{jxhDpEyKlCmGl@X',9),(3819,780,'Dromedaris St & Leerdam St','-26.1603','27.82602','00:00:00',0,'lct~Ci_yhDm@YhCcGvFwMe@S',10),(3820,780,'143 Dromedaris St','-26.1561691','27.8286832','00:00:00',0,'zlt~CswyhDwJsEwG}CgCiAYOXq@',11),(3821,780,'54 Nassau St','-26.15236','27.83047999999999','00:00:00',0,'bts~CqgzhDYp@aDuAyI}DgGwC',12),(3822,780,'27 Narcissus St','-26.1488834','27.8267228','00:00:00',0,'d{r~CkszhDs@_@eFbI{F`JgDlFW]z@qA',13),(3823,780,'15 Mc Grath Ave','-26.1463524','27.828412','00:00:00',0,'jfr~Cg{yhDh@y@_EyAaEqAmEsA',14),(3829,906,'Ecosmob Technologies Pvt. Ltd.','23.0282336','72.4989057','00:00:00',0,'',1),(3830,906,'Iskcon Cross Road','23.0245701','72.5069855','00:00:00',0,'mspkCa}nyLFyFJcGTyGPmG@uAXiGDm@LeCBgAC]AWAe@jB`@dFhAfCj@Je@lAV',2),(3831,909,'Mangaluru','12.9141417','74.8559568','20:00:00',0,'',1),(3832,909,'Bengaluru','12.9715987','77.5945627','22:00:00',0,'ihymAsh{gMdg@fb@hu@pc@|q@a{@xNkf@jWaZrEqj@~Vgt@j_@qN`L}Hx@oa@`V_iAp@euAaDehB}Few@uT}n@oB{w@~QiQ~Dsu@dF}h@qH}m@yUglB{`@_tBeMauArKocAjYsPro@kMdlAmr@f|@wgAdZotAn@s{Av[iuB~i@gbEvZusAdGaiAwJiy@tH_`@sGmf@nBkrBuIsWw[sf@o^sc@Lwu@sGsgAnGk}@~BaZkTob@uL{hAhDcp@we@wxAmNuaBoCq}@vNorDxc@gxCjc@a}A}Acu@bb@yn@lRus@t`@abDvAgp@`Wk]_d@s^_d@s}B_CwhBbPikBe@ouAsUcKgDeZx@mQaSe_@UouAv`@e\\|Iel@fCqq@qXyXjBer@|K}b@kAy_@o@gqAuAwtApJij@aPck@cPsIh@gQuWo_@qNyh@l@_`@iHsb@kZsR|@qg@_F{U_U_T|NyQw_@eKyZpEsA}GcFeLeXuLov@o]fHyJaX_b@y{@_p@w_@oKcWaUuGqWuW_VszAuPa_@gi@uKaXdE}IB_SeGcY{LsFb@kRwP_FgYwTki@gW}IiXxZi~Byo@ml@g]ksAee@ef@Uwz@eUgd@i\\}WpQir@xXgi@_F{q@`f@cm@|Fe_ApL_vAsTe}@yi@qd@rAuz@pZa{@|McoC_o@yxC}yAoaDgYcMuHki@aXwaAuQijAzC}Z}a@sb@y]kdAdJem@xIko@qJax@bIsfBlGm~@uu@itAsX_aAgAg}@t^_nAbIqqAzZ}{ClXqcBdBceAnWy~@z\\{h@iEal@jLkpArHilA_NiuDAa{Aza@_z@brA{p@rnAwh@hQorAoCi~@rXwkAfb@esDvx@an@daAun@`a@cl@aNqzBu_@abAcb@}qD_k@qzDqeAozDmFaZmb@sJm\\abAoG{mAaj@ilBlCibEeYs{AoC{cBiQulDiTwt@{Jah@dIyv@rYwhAdU{dByE{tFgo@gsDiLynB{j@elBAe}Bqo@ckBof@sgC_Rq|CcBgyAaWsz@gCywAaL{yAqD{qFt[kq@ueAsaB_z@otB`CueA{Pqe@an@qm@yZoaAc\\{bB}D{}Ash@sdCwyBwbE_x@}tDrGo`AjSgyB`d@kwBlKw|AL_eAsF_z@jOukAeV{v@iAgaAra@atAeYklB_[ey@cw@c_@_uAabAq`@yu@n_@yx@b}AabFvuAi}Cx`AopDnzBmcH~dAowBbf@sMkLgRfc@mjAnd@}~@vd@s\\dr@iGf[}NpMcMxEqTnk@ga@l]b`@bAeB',2),(3833,910,'Bengaluru','12.9715987','77.5945627','22:00:00',0,'ihymAsh{gMdg@fb@hu@pc@|q@a{@xNkf@jWaZrEqj@~Vgt@j_@qN`L}Hx@oa@`V_iAp@euAaDehB}Few@uT}n@oB{w@~QiQ~Dsu@dF}h@qH}m@yUglB{`@_tBeMauArKocAjYsPro@kMdlAmr@f|@wgAdZotAn@s{Av[iuB~i@gbEvZusAdGaiAwJiy@tH_`@sGmf@nBkrBuIsWw[sf@o^sc@Lwu@sGsgAnGk}@~BaZkTob@uL{hAhDcp@we@wxAmNuaBoCq}@vNorDxc@gxCjc@a}A}Acu@bb@yn@lRus@t`@abDvAgp@`Wk]_d@s^_d@s}B_CwhBbPikBe@ouAsUcKgDeZx@mQaSe_@UouAv`@e\\|Iel@fCqq@qXyXjBer@|K}b@kAy_@o@gqAuAwtApJij@aPck@cPsIh@gQuWo_@qNyh@l@_`@iHsb@kZsR|@qg@_F{U_U_T|NyQw_@eKyZpEsA}GcFeLeXuLov@o]fHyJaX_b@y{@_p@w_@oKcWaUuGqWuW_VszAuPa_@gi@uKaXdE}IB_SeGcY{LsFb@kRwP_FgYwTki@gW}IiXxZi~Byo@ml@g]ksAee@ef@Uwz@eUgd@i\\}WpQir@xXgi@_F{q@`f@cm@|Fe_ApL_vAsTe}@yi@qd@rAuz@pZa{@|McoC_o@yxC}yAoaDgYcMuHki@aXwaAuQijAzC}Z}a@sb@y]kdAdJem@xIko@qJax@bIsfBlGm~@uu@itAsX_aAgAg}@t^_nAbIqqAzZ}{ClXqcBdBceAnWy~@z\\{h@iEal@jLkpArHilA_NiuDAa{Aza@_z@brA{p@rnAwh@hQorAoCi~@rXwkAfb@esDvx@an@daAun@`a@cl@aNqzBu_@abAcb@}qD_k@qzDqeAozDmFaZmb@sJm\\abAoG{mAaj@ilBlCibEeYs{AoC{cBiQulDiTwt@{Jah@dIyv@rYwhAdU{dByE{tFgo@gsDiLynB{j@elBAe}Bqo@ckBof@sgC_Rq|CcBgyAaWsz@gCywAaL{yAqD{qFt[kq@ueAsaB_z@otB`CueA{Pqe@an@qm@yZoaAc\\{bB}D{}Ash@sdCwyBwbE_x@}tDrGo`AjSgyB`d@kwBlKw|AL_eAsF_z@jOukAeV{v@iAgaAra@atAeYklB_[ey@cw@c_@_uAabAq`@yu@n_@yx@b}AabFvuAi}Cx`AopDnzBmcH~dAowBbf@sMkLgRfc@mjAnd@}~@vd@s\\dr@iGf[}NpMcMxEqTnk@ga@l]b`@bAeB',1),(3834,910,'Mangaluru','12.9141417','74.8559568','20:00:00',0,'',2),(3835,911,'Mangaluru','12.9141417','74.8559568','22:01:00',0,'',1),(3836,911,'Tamil Nadu','11.1271225','78.6568942','23:00:00',0,'ihymAsh{gMn}AxfAvaAmbB~]seAjw@ycA|d@muBoBk~Ds\\cgBnTy`CkA{wAuw@gaFeMauArKocA~iA__@liCe{Blx@mgH|mA_aJeFcuFmf@g_Aa^kzAsGsgA{G}{BkG_zBeu@m{DoCq}@vNorDdhAivFrr@syCt`@abDxYsnA_d@s^_d@s}BbLauEe@ouA{Zif@gQsq@UouAtk@kiAiTkkAjBer@`H_vCeGelDog@k|@cMyiAuc@gv@|@qg@_\\{j@|NyQw_@eKm]kAi_@{Yov@o]yNym@utBqrAk`@qn@szAuPqe@gmAaGcm@o]_a@qnAifAxZi~Byo@ml@mcAqzB{U_`BwIgkAxQc|A~m@imBpL_vAm_AwbBd]wvB|McoC_o@yxC}yAoaD_|@gzBwo@{iCsRqrBWmhBbIsfBgm@wsC{Zg_Cxh@q`Dnw@sfI`o@wuC~Uu}C_NiuDAa{Aza@_z@vaDszAlf@q~Efb@esDvx@an@fcBy{A{qAqpJqqBavJigAwhBqr@e{DlCibEu]o`EiQulD_VsuCxo@snDyE{tFmhBgpKAe}Bqo@ckBoy@eeHok@qhIqD{qFt[kq@ueAsaB_z@otByLglB{iAapBab@waEsh@sdCwyBwbEko@mvFzdAkoIeF_`CjOukAeV{v@h_@ivCeYklBcsAiyA_uAabAq`@yu@n_@yx@b}AabFd~BsuG|nSna@lkHdEpqC_tCz{BghDddAkiFqWofFyM}kBudAijCpv@suCd`AciAjiFo{C`rB}rEfhBkyH`pEisF`z@{nBfm@u~CniCirGz{A_xB|n@cuDlxBe{JlkC_~HljDo}ChX{zBb_@crAt|@qyAb}B_cEf`D}sDpwBim@xaDg|A~nCnn@voD}PrkBee@hxBh@`lAlg@|xA}Fr`F~VhrErn@xqB~Nnl@|d@twD`Hz}D`PltEzsAztC|jAhoC|rC~wDtmAr{DzvBndKtpA|kDtgD|pBffBdaB`f@nxBvQxgBmlBloAd`@tmA_KvzCg_C`hAmAhrBpwAlkElb@zpMjlAzcJ}lM~vAmIzwChb@ryAyy@l_@kcBkZa~BurByxBw`As`CkMspBm[q}GgCweI`aAqdBfS}`DxZqkFpaDo`@blAij@`eAwpCxbAsd@hXcOxGqzA|ZesCfj@ivAfmAf_Aps@`XljCjFplB{g@drAig@h{Al|@rqEfD~iF}q@bzCpBv_Dl_@h`L_v@ngLuhGffEagCpsDmyCrfA{r@bJiuDLgyAvR_cArpAmS~r@{X',2),(3837,912,'Tamil Nadu','11.1271225','78.6568942','23:00:00',0,'ihymAsh{gMn}AxfAvaAmbB~]seAjw@ycA|d@muBoBk~Ds\\cgBnTy`CkA{wAuw@gaFeMauArKocA~iA__@liCe{Blx@mgH|mA_aJeFcuFmf@g_Aa^kzAsGsgA{G}{BkG_zBeu@m{DoCq}@vNorDdhAivFrr@syCt`@abDxYsnA_d@s^_d@s}BbLauEe@ouA{Zif@gQsq@UouAtk@kiAiTkkAjBer@`H_vCeGelDog@k|@cMyiAuc@gv@|@qg@_\\{j@|NyQw_@eKm]kAi_@{Yov@o]yNym@utBqrAk`@qn@szAuPqe@gmAaGcm@o]_a@qnAifAxZi~Byo@ml@mcAqzB{U_`BwIgkAxQc|A~m@imBpL_vAm_AwbBd]wvB|McoC_o@yxC}yAoaD_|@gzBwo@{iCsRqrBWmhBbIsfBgm@wsC{Zg_Cxh@q`Dnw@sfI`o@wuC~Uu}C_NiuDAa{Aza@_z@vaDszAlf@q~Efb@esDvx@an@fcBy{A{qAqpJqqBavJigAwhBqr@e{DlCibEu]o`EiQulD_VsuCxo@snDyE{tFmhBgpKAe}Bqo@ckBoy@eeHok@qhIqD{qFt[kq@ueAsaB_z@otByLglB{iAapBab@waEsh@sdCwyBwbEko@mvFzdAkoIeF_`CjOukAeV{v@h_@ivCeYklBcsAiyA_uAabAq`@yu@n_@yx@b}AabFd~BsuG|nSna@lkHdEpqC_tCz{BghDddAkiFqWofFyM}kBudAijCpv@suCd`AciAjiFo{C`rB}rEfhBkyH`pEisF`z@{nBfm@u~CniCirGz{A_xB|n@cuDlxBe{JlkC_~HljDo}ChX{zBb_@crAt|@qyAb}B_cEf`D}sDpwBim@xaDg|A~nCnn@voD}PrkBee@hxBh@`lAlg@|xA}Fr`F~VhrErn@xqB~Nnl@|d@twD`Hz}D`PltEzsAztC|jAhoC|rC~wDtmAr{DzvBndKtpA|kDtgD|pBffBdaB`f@nxBvQxgBmlBloAd`@tmA_KvzCg_C`hAmAhrBpwAlkElb@zpMjlAzcJ}lM~vAmIzwChb@ryAyy@l_@kcBkZa~BurByxBw`As`CkMspBm[q}GgCweI`aAqdBfS}`DxZqkFpaDo`@blAij@`eAwpCxbAsd@hXcOxGqzA|ZesCfj@ivAfmAf_Aps@`XljCjFplB{g@drAig@h{Al|@rqEfD~iF}q@bzCpBv_Dl_@h`L_v@ngLuhGffEagCpsDmyCrfA{r@bJiuDLgyAvR_cArpAmS~r@{X',1),(3838,912,'Mangaluru','12.9141417','74.8559568','22:01:00',0,'',2),(3839,913,'Gujarat','22.6708317','71.5723953','16:00:00',0,'',1),(3840,913,'Rajasthan','27.0238036','74.21793260000001','16:30:00',0,'q{jiCm~ysLspBgmDoe@cc@sdAam@?sm@jJ_dAsQqiBkgA_g@_HqzBsKmo@{t@_r@qzFutEimIgcGcqDkdCkwB}|DenCgaDcwDsuFi_De}DywA}kCunCcnEcyBeuA{qBq{DcyB{rCcrF{eCcoA_n@_EieAnGsbEfn@mbBpe@anC|C{vBmGgc@go@wa@wrB}l@_~Ccv@aoCgrB}{BkeAy}BypAqRgoD{}GoxDg_Ec{Cy_AigAP{U_{AiKgzAan@ggAsaAs}DayDmcBsiAiBmUcc@oTm|G`_AovGvJ{}Dcz@e~BbfAipGjyBsj@jO_o@_LqcBox@wdDgx@yyGjZqdEMcwB|c@}}CbiAmbCwYm`AkGwj@g_@q{AuPmvAvOmrA~n@{vCdUg}HcL{yAvn@uz@aDccJ{kAqsA{x@}fAsGowB{@e}JmoAitEwbAauEkQidEciAku@u{A{dBwLoxAwlAo{CwmB}i@ku@my@iOol@kdAqv@wLcbAaeBauCkz@a}BexBcuBqnDejDgjGm~@yiBgGylAuyAibEsgBkmCa`@qyCyX_iBiqCybEsb@wwBa`BgsAmtAkwBg[yl@qb@zF}jBseAkwA_jAscAb~@}m@qc@}|AquBqxD{kCyvDocB}}AotBalAqXuu@oy@koAaR}gAw|A{_CicD_o@gkAubDqqByrDemB_dAoW}bAhr@orAxm@eoAxH{fApvBsKzx@qt@vp@egAb|Cu{@zkBke@llDbJlu@pC~j@eZbh@_yAru@kCzd@qc@hMgeD`UmiDojAenEc{CqsDk`B{uF}xGmyHkuI{gAeoAs^qQ_v@zRk_BwC_f@ubB{zCmxEmKenA_v@cr@qkCgrAoyB_z@upEmwCyqEciAihBwP_\\ux@icG_dCixNusDgwWknJefFwiBs_Go~@eaQk~AgcDgcDarCcjAwpEmxKwpD{qLw|Mghc@{cAiiBglAenCsyD}iMmsC}vG{{F}xCqhA}w@auA_\\yxF_hC{jCk`@{uDwq@kdAuj@q}Ap@gaC~|@}z@wg@ep@s_C{eFsjAmgBgUyiGkjC{xDm`DycDmuEiiC_mC{yAg`AmfDom@c}As`Aw}DzoAcqGk@i]aO}qDdaC{|BveAa}DphAs|DjpAco@ss@gqDynAe`Cml@imCwsAqrCiuA_bCo^esB`Bce@~Iu\\qe@_`BsQebD_wAs`AsdBkXg~@ojBmk@epCck@_fBfgAo`Dve@wwDykA{f@ke@kj@s|@q~DgbA}l@w]e|@q|ChNsa@rBwbB',2),(3841,914,'Rajasthan','27.0238036','74.21793260000001','16:30:00',0,'q{jiCm~ysLspBgmDoe@cc@sdAam@?sm@jJ_dAsQqiBkgA_g@_HqzBsKmo@{t@_r@qzFutEimIgcGcqDkdCkwB}|DenCgaDcwDsuFi_De}DywA}kCunCcnEcyBeuA{qBq{DcyB{rCcrF{eCcoA_n@_EieAnGsbEfn@mbBpe@anC|C{vBmGgc@go@wa@wrB}l@_~Ccv@aoCgrB}{BkeAy}BypAqRgoD{}GoxDg_Ec{Cy_AigAP{U_{AiKgzAan@ggAsaAs}DayDmcBsiAiBmUcc@oTm|G`_AovGvJ{}Dcz@e~BbfAipGjyBsj@jO_o@_LqcBox@wdDgx@yyGjZqdEMcwB|c@}}CbiAmbCwYm`AkGwj@g_@q{AuPmvAvOmrA~n@{vCdUg}HcL{yAvn@uz@aDccJ{kAqsA{x@}fAsGowB{@e}JmoAitEwbAauEkQidEciAku@u{A{dBwLoxAwlAo{CwmB}i@ku@my@iOol@kdAqv@wLcbAaeBauCkz@a}BexBcuBqnDejDgjGm~@yiBgGylAuyAibEsgBkmCa`@qyCyX_iBiqCybEsb@wwBa`BgsAmtAkwBg[yl@qb@zF}jBseAkwA_jAscAb~@}m@qc@}|AquBqxD{kCyvDocB}}AotBalAqXuu@oy@koAaR}gAw|A{_CicD_o@gkAubDqqByrDemB_dAoW}bAhr@orAxm@eoAxH{fApvBsKzx@qt@vp@egAb|Cu{@zkBke@llDbJlu@pC~j@eZbh@_yAru@kCzd@qc@hMgeD`UmiDojAenEc{CqsDk`B{uF}xGmyHkuI{gAeoAs^qQ_v@zRk_BwC_f@ubB{zCmxEmKenA_v@cr@qkCgrAoyB_z@upEmwCyqEciAihBwP_\\ux@icG_dCixNusDgwWknJefFwiBs_Go~@eaQk~AgcDgcDarCcjAwpEmxKwpD{qLw|Mghc@{cAiiBglAenCsyD}iMmsC}vG{{F}xCqhA}w@auA_\\yxF_hC{jCk`@{uDwq@kdAuj@q}Ap@gaC~|@}z@wg@ep@s_C{eFsjAmgBgUyiGkjC{xDm`DycDmuEiiC_mC{yAg`AmfDom@c}As`Aw}DzoAcqGk@i]aO}qDdaC{|BveAa}DphAs|DjpAco@ss@gqDynAe`Cml@imCwsAqrCiuA_bCo^esB`Bce@~Iu\\qe@_`BsQebD_wAs`AsdBkXg~@ojBmk@epCck@_fBfgAo`Dve@wwDykA{f@ke@kj@s|@q~DgbA}l@w]e|@q|ChNsa@rBwbB',1),(3842,914,'Gujarat','22.6708317','71.5723953','16:00:00',0,'',2),(3843,915,'Palladium Ahmedabad','23.0583687','72.5206402','15:00:00',0,'',1),(3844,915,'Himalaya Mall Commercial Building Big Bazar','23.0469464','72.53101989999999','15:30:00',0,'ervkCscsyLRFEZhObDlOpCbBXfE`A`EfAbB`@NQP_@TyCNgCPsA\\{BNo@jBuFt@sCb@wBTqAf@qEj@}GX}A^iBl@cBz@aB`BcD`@q@N_@N}@NoAFkA@k@PcABkAoCH',2),(3845,916,'Alpha One Mall','23.0397468','72.5312158','16:00:00',0,'',1),(3846,916,'Reliance Digital','23.0400705','72.531482','16:30:00',0,'e}rkCieuyLvBAv@EIw@MqAEmCQ@cA@sBBs@@a@B?DB~C',2);

--
-- Table structure for table `tbl_booking_history`
--

CREATE TABLE `tbl_booking_history` (
  `id` int(11) NOT NULL AUTO_INCREMENT,
  `qr_code` varchar(10) NOT NULL,
  `customer_id` int(11) NOT NULL,
  `transport_vehicles_id` int(11) NOT NULL,
  `start_point_id` int(11) NOT NULL,
  `route_id` int(11) NOT NULL,
  `duty_id` int(11) DEFAULT NULL,
  `driver_trip_id` int(11) DEFAULT NULL,
  `end_point_id` int(11) NOT NULL,
  `start_time` time NOT NULL,
  `end_time` time NOT NULL,
  `fare_amount` float NOT NULL,
  `actual_amount` float NOT NULL,
  `no_of_seat` int(11) NOT NULL,
  `payment_mode` enum('Cash','Wallet') NOT NULL,
  `status` enum('Pending','Completed','CancleByDriver','Cancelled','PendingApprovalForCash') NOT NULL,
  `boarding_status` tinyint(1) NOT NULL,
  `booking_date` date NOT NULL,
  `booking_type` enum('Midway','Pre','Instant','Local') NOT NULL,
  `start_by` enum('Driver','Admin') DEFAULT 'Driver',
  `end_by` enum('Driver','Admin','System') DEFAULT 'Driver',
  `created_at` datetime NOT NULL,
  `updated_at` datetime NOT NULL,
  `start_point_name` varchar(250) DEFAULT NULL,
  `end_point_name` varchar(250) DEFAULT NULL,
  PRIMARY KEY (`id`),
  KEY `customer_id` (`customer_id`),
  KEY `transport_vehicles_id` (`transport_vehicles_id`),
  KEY `driver_trip_id` (`driver_trip_id`)
) ENGINE=InnoDB AUTO_INCREMENT=11 DEFAULT CHARSET=latin1 COLLATE=latin1_swedish_ci;

--
-- Dumping data for table `tbl_booking_history`
--

INSERT INTO `tbl_booking_history` VALUES (1,'',5,44,827,292,13,6,0,'12:05:00','00:10:00',10,10,1,'Wallet','Completed',1,'2023-04-05','Local','Driver','System','2023-04-05 12:05:42','2023-04-06 00:10:01','Eco Court Office Park',''),(2,'',4,44,827,292,13,7,827,'16:30:00','16:32:00',10,10,1,'Wallet','Completed',1,'2023-05-18','Local','Driver','Driver','2023-05-18 16:30:42','2023-05-18 16:32:59','Eco Court Office Park','Eco Court Office Park'),(3,'',4,57,1742,424,17,10,1742,'18:55:00','18:55:00',20,20,1,'Wallet','Completed',1,'2023-05-18','Local','Driver','Driver','2023-05-18 18:55:23','2023-05-18 18:55:39','Eco Court Office Park','Eco Court Office Park'),(4,'',4,38,1740,423,16,11,0,'11:26:00','11:36:00',20,14.2,1,'Wallet','Completed',1,'2023-05-19','Local','Driver','Driver','2023-05-19 11:26:52','2023-05-19 11:36:18','327 Ontdekkers Rd',''),(5,'',1,91,1746,428,20,17,1746,'13:24:00','13:26:00',5,5,1,'Wallet','Completed',1,'2023-08-28','Local','Driver','Driver','2023-08-28 13:24:31','2023-08-28 13:26:19','Ecosmob Technologies Pvt. Ltd.','Ecosmob Technologies Pvt. Ltd.'),(6,'',1,91,1746,428,20,18,1746,'13:53:00','13:59:00',5,5,1,'Wallet','Completed',1,'2023-08-29','Local','Driver','Driver','2023-08-29 13:53:11','2023-08-29 13:59:50','Ecosmob Technologies Pvt. Ltd.','Ecosmob Technologies Pvt. Ltd.'),(7,'',1,91,1746,428,20,18,1746,'14:01:00','14:01:00',5,5,1,'Wallet','Completed',1,'2023-08-29','Local','Driver','Driver','2023-08-29 14:01:33','2023-08-29 14:01:33','Ecosmob Technologies Pvt. Ltd.','Ecosmob Technologies Pvt. Ltd.'),(8,'',1,91,1746,428,20,18,1746,'14:01:00','14:02:00',5,5,1,'Wallet','Completed',1,'2023-08-29','Local','Driver','Driver','2023-08-29 14:01:50','2023-08-29 14:02:11','Ecosmob Technologies Pvt. Ltd.','Ecosmob Technologies Pvt. Ltd.'),(9,'',1,91,1746,428,20,18,1746,'14:02:00','14:02:00',5,5,1,'Wallet','Completed',1,'2023-08-29','Local','Driver','Driver','2023-08-29 14:02:24','2023-08-29 14:02:40','Ecosmob Technologies Pvt. Ltd.','Ecosmob Technologies Pvt. Ltd.'),(10,'',5,70,3045,676,24,25,0,'11:01:00','00:10:00',10,10,1,'Wallet','Completed',1,'2023-10-04','Local','Driver','System','2023-10-04 11:01:36','2023-10-05 00:10:01','340 Witch-Hazel Ave','');

--
-- Table structure for table `tbl_booking_user_taxi_data`
--

CREATE TABLE `tbl_booking_user_taxi_data` (
  `id` int(11) NOT NULL AUTO_INCREMENT,
  `booking_history_id` int(11) NOT NULL,
  `vehicle_type` enum('Bus','Taxi') DEFAULT NULL,
  `vehicle_number` varchar(50) DEFAULT NULL,
  `vehicle_name` varchar(250) DEFAULT NULL,
  `is_ac` enum('0','1') DEFAULT NULL,
  `no_of_seats` int(11) DEFAULT NULL,
  `customer_name` varchar(250) DEFAULT NULL,
  `customer_email` varchar(100) DEFAULT NULL,
  `customer_mobile` varchar(15) DEFAULT NULL,
  `balance` float DEFAULT NULL,
  `emergency_number` varchar(15) DEFAULT NULL,
  `driver_name` varchar(250) DEFAULT NULL,
  `driver_email` varchar(100) DEFAULT NULL,
  `driver_mobile` varchar(15) DEFAULT NULL,
  PRIMARY KEY (`id`),
  KEY `tbl_booking_history_id` (`booking_history_id`)
) ENGINE=InnoDB AUTO_INCREMENT=11 DEFAULT CHARSET=latin1 COLLATE=latin1_swedish_ci;

--
-- Dumping data for table `tbl_booking_user_taxi_data`
--

INSERT INTO `tbl_booking_user_taxi_data` VALUES (1,1,'','2133','FK66CJGP','0',60,'Rhulani','eric@nemflex.co.za','0713407113',142,NULL,NULL,NULL,NULL),(2,2,'','2133','FK66CJGP','0',60,'Poplos','velaphi@calmex.co.za','0810369391',95.55,NULL,NULL,NULL,NULL),(3,3,'','2146','FL35YNGP','0',60,'Poplos','velaphi@calmex.co.za','0810369391',75.55,NULL,NULL,NULL,NULL),(4,4,'','2080','FH73JS GP','0',60,'Poplos','velaphi@calmex.co.za','0810369391',61.35,NULL,NULL,NULL,NULL),(5,5,'Bus','501502','ecosmob vehicle','0',10,'Maulik','testvishva1234@mailinator.com','0120650450',290,NULL,NULL,NULL,NULL),(6,6,'Bus','501502','ecosmob vehicle','0',10,'Maulik','testvishva1234@mailinator.com','0120650450',285,NULL,NULL,NULL,NULL),(7,7,'Bus','501502','ecosmob vehicle','0',10,'Maulik','testvishva1234@mailinator.com','0120650450',280,NULL,NULL,NULL,NULL),(8,8,'Bus','501502','ecosmob vehicle','0',10,'Maulik','testvishva1234@mailinator.com','0120650450',275,NULL,NULL,NULL,NULL),(9,9,'Bus','501502','ecosmob vehicle','0',10,'Maulik','testvishva1234@mailinator.com','0120650450',270,NULL,NULL,NULL,NULL),(10,10,'','4110','VLC209GP','0',60,'Rhulani','eric@nemflex.co.za','0713407113',132,NULL,NULL,NULL,NULL);

--
-- Table structure for table `tbl_customer_transaction`
--

CREATE TABLE `tbl_customer_transaction` (
  `ct_id` int(11) NOT NULL AUTO_INCREMENT,
  `cust_id` int(11) NOT NULL COMMENT 'Customer id for whom balance updated',
  `customer_booking_id` int(11) DEFAULT NULL,
  `ct_type` enum('CREDIT','DEBIT') NOT NULL DEFAULT 'DEBIT' COMMENT ' Transaction type',
  `ct_amount` double(10,2) NOT NULL COMMENT ' Transaction amount ',
  `ct_description` text NOT NULL COMMENT ' Description',
  `ct_triggered_by` varchar(50) NOT NULL DEFAULT 'Portal' COMMENT ' Transaction done through from given',
  `ct_updated_by` int(11) DEFAULT NULL COMMENT ' Transaction done by ',
  `ct_updated_bal` double(10,2) NOT NULL DEFAULT 0.00 COMMENT ' Balance at transaction time ',
  `ct_updated_date` datetime DEFAULT NULL COMMENT ' Transaction done date time ',
  `sales_id` int(11) DEFAULT 0 COMMENT 'sale increment',
  `usage_id` int(11) DEFAULT 0 COMMENT 'usage increment',
  PRIMARY KEY (`ct_id`),
  KEY `cust_id` (`cust_id`)
) ENGINE=InnoDB DEFAULT CHARSET=latin1 COLLATE=latin1_swedish_ci;

--
-- Dumping data for table `tbl_customer_transaction`
--


--
-- Table structure for table `tbl_mobile_user`
--

CREATE TABLE `tbl_mobile_user` (
  `id` int(11) NOT NULL AUTO_INCREMENT,
  `taxi_owner_id` int(11) DEFAULT NULL,
  `parent_id` int(11) DEFAULT NULL,
  `calmex_id` int(11) DEFAULT NULL,
  `calmex_url` text NOT NULL,
  `calmex_header` text NOT NULL,
  `name` varchar(250) DEFAULT NULL,
  `email` varchar(100) DEFAULT NULL,
  `country_code` varchar(10) DEFAULT NULL,
  `mobile` varchar(15) DEFAULT NULL,
  `passport_number` varchar(100) DEFAULT NULL,
  `emergency_number` varchar(15) DEFAULT NULL,
  `device_token` text DEFAULT NULL,
  `api_token` text DEFAULT NULL,
  `device_type` enum('Android','iOS') NOT NULL,
  `balance` float DEFAULT NULL,
  `profile_image` varchar(50) DEFAULT NULL,
  `type` enum('DRIVER','CUSTOMER') NOT NULL,
  `is_verified` enum('Yes','No') NOT NULL DEFAULT 'No',
  `is_profile_updated` enum('Yes','No') NOT NULL DEFAULT 'No',
  `transport_vehicle_id` int(11) DEFAULT NULL,
  `latitude` varchar(20) DEFAULT NULL,
  `longitude` varchar(20) DEFAULT NULL,
  `status` enum('A','I') NOT NULL DEFAULT 'A',
  `user_qr_code` varchar(15) DEFAULT NULL,
  `user_qr_number` varchar(15) DEFAULT NULL,
  `id_number` varchar(15) DEFAULT NULL,
  `company_id` int(11) DEFAULT 1,
  `created_by` int(11) DEFAULT NULL COMMENT 'Merchant Id',
  `created_at` datetime NOT NULL,
  `updated_at` datetime NOT NULL,
  PRIMARY KEY (`id`),
  KEY `transport_vehicle_id` (`transport_vehicle_id`),
  KEY `taxi_owner_id` (`taxi_owner_id`),
  KEY `callmax_id` (`calmex_id`)
) ENGINE=InnoDB AUTO_INCREMENT=8 DEFAULT CHARSET=latin1 COLLATE=latin1_swedish_ci;

--
-- Dumping data for table `tbl_mobile_user`
--

INSERT INTO `tbl_mobile_user` VALUES (1,NULL,NULL,178,'https://calmexweb.ecosmob.net:8080/api/v3/edriver/ticket/purchase','{\"X-appVersion\":\"3.1\",\"id\":\"178\",\"authtoken\":\"UHvFFlw1CSvaUJzaDwGIAYnrVEuUoa\",\"tenant-id\":\"1\",\"X-platform\":\"ANDROID\",\"X-OSVersion\":\"9\",\"X-device\":\"vivo vivo 1921\",\"cache-control\":\"no-cache\"}','Maulik','testvishva1234@mailinator.com','27','0120650450',NULL,NULL,'fpLeDM-_RCqmEo6B9xsrJe:APA91bFcDL3xKCJQzMxOitenm7hvv27aYcyMbe_CG7fYWWfzzVAaZReUJBvu9CxiVd3AOJDoNaXBAOFshzbriWlaur-rDpl7oOt4ZPjY_lr6QlB8fI3HH2G7zsYo0Q34ULm9to4A69M1',NULL,'Android',270,'https://shafi.edriver.api.ecosmob.net/profile/user','CUSTOMER','Yes','No',NULL,'','','A','zudbWcVYvw','QR-444-791-614',NULL,1,NULL,'2023-02-02 14:20:37','2023-09-13 11:47:58'),(2,NULL,NULL,187,'https://calmexweb.ecosmob.net:8080/api/v3/edriver/ticket/purchase','{\"X-appVersion\":\"3.1\",\"id\":\"187\",\"authtoken\":\"G6SET3llg5b6UuVSsDBAa9jVSwA889\",\"tenant-id\":\"1\",\"X-platform\":\"ANDROID\",\"X-OSVersion\":\"10\",\"X-device\":\"samsung SM-G965F\",\"cache-control\":\"no-cache\"}','Mahendi','mahendi.ecosmob@123.com','27','0972571952',NULL,NULL,'cGhws9puQ7O-wQvCrDToP0:APA91bFblnNXrUAQNTrXrnSOhjTjZI3LL7B6eU0FJCDCXoP9VFvHVyQy41Kza1C4xHVLpEDp-pFjKi829buO6jb7XgSQ5hN4i6eKBiArcs8nK0LqHTfBppCXnb5ZGbVHn2G87FLsk0HK',NULL,'Android',171,'https://shafi.edriver.api.ecosmob.net/profile/user','CUSTOMER','Yes','No',NULL,'','','A','bpPBDTujOW','QR-292-706-965',NULL,1,NULL,'2023-02-02 14:26:56','2023-02-16 15:06:01'),(3,NULL,NULL,179,'https://calmexweb.ecosmob.net:8080/api/v3/edriver/ticket/purchase','{\"X-appVersion\":\"3.1\",\"id\":\"179\",\"authtoken\":\"1cAGZ0dxuX0rAh0f0zJK0mf5QKJLh4\",\"tenant-id\":\"1\",\"X-platform\":\"ANDROID\",\"X-OSVersion\":\"12\",\"X-device\":\"samsung SM-G973U\",\"cache-control\":\"no-cache\"}','Krunal','testannu1234@mailinator.com','27','0120650451',NULL,NULL,'e8h5oPNGQNm4q4H8Rck5yN:APA91bHsgvuq8Ut8CCaQraPrErwNg5iTsI7I7x4X7NQLs2dTxUSQRjTIs10vXT22c0ZcoAWjGOrR70tnXzw7oAPIy4s4OOyQDWUWN12yBnzlxqlAfg2_RfC_Sp6Q4zHW_amo8qdNvnFe',NULL,'Android',290,'https://shafi.edriver.api.ecosmob.net/profile/user','CUSTOMER','Yes','No',NULL,'','','A','euNCrL7MDW','QR-190-918-792',NULL,1,NULL,'2023-02-02 15:35:31','2023-12-28 15:08:06'),(4,NULL,NULL,19,'https://calmexweb.ecosmob.net:8080/api/v3/edriver/ticket/purchase','{\"X-appVersion\":\"3.1\",\"id\":\"19\",\"authtoken\":\"39JlJSaPGBCmYbQrjKEThXNnKie9ED\",\"tenant-id\":\"1\",\"X-platform\":\"ANDROID\",\"X-OSVersion\":\"11\",\"X-device\":\"samsung SM-A032F\",\"cache-control\":\"no-cache\"}','Poplos','velaphi@calmex.co.za','27','0810369391',NULL,NULL,'fziW8trGTJ2twFYSW06-yo:APA91bE6HroFUIyIkSIn8FkpeZzDBy240N8Aqbbs3tCFhKr-OgwDHa2sXU_p5wZPaOxXRv3nT20hEq1IEX5CFGh8dKMCDo6jPmf7h7QrCVwnG-__6-fFbDUANbfN5PfHBmUnzjcU4G0Y',NULL,'Android',61.35,'https://shafi.edriver.api.ecosmob.net/profile/user','CUSTOMER','Yes','No',NULL,'','','A','1ZLW2sa1Pe','QR-698-466-882',NULL,1,NULL,'2023-02-03 16:42:20','2023-05-31 11:00:58'),(5,NULL,NULL,37,'https://calmexweb.ecosmob.net:8080/api/v3/edriver/ticket/purchase','{\"X-appVersion\":\"3.1\",\"id\":\"37\",\"authtoken\":\"OkltquQV5SaQxZwdk36CKQyn05fuRn\",\"tenant-id\":\"1\",\"X-platform\":\"ANDROID\",\"X-OSVersion\":\"9\",\"X-device\":\"samsung SM-G975F\",\"cache-control\":\"no-cache\"}','Rhulani','eric@nemflex.co.za','27','0713407113',NULL,NULL,'cwK0y5VRT8ugUe-DAe7sBv:APA91bEgd3s2Pm9uYMdbqr5SYaQlYlfG4I_f7tn27MuD4RrcBBJ0eNt8KcWySK3sv-l1OHLyRluHxAforC7dWKnbSUka0nUNbUwdASCGxXMAAinebD7drLjEZ2Cpkq0Dw0-kBxDYFMLx',NULL,'Android',132,'https://shafi.edriver.api.ecosmob.net/profile/user','CUSTOMER','Yes','No',NULL,'-26.1395074','27.8598977','A','xwPBrLKo45','QR-512-915-637',NULL,1,NULL,'2023-02-06 21:54:12','2023-10-09 11:58:19'),(6,NULL,NULL,16,'https://calmexwebnew.calmex.co.za:8080/api/v3/edriver/ticket/purchase','{\"X-appVersion\":\"3.1\",\"id\":\"16\",\"authtoken\":\"hMwapQVpLqchE04RiykecShJFnxNzs\",\"tenant-id\":\"1\",\"X-platform\":\"ANDROID\",\"X-OSVersion\":\"13\",\"X-device\":\"realme RMX3242\",\"cache-control\":\"no-cache\"}','Akash','akash.sheth@ecosmob.com','27','0120650452',NULL,NULL,'dNVx3ParThOLcvRnDPKjaf:APA91bFdfgn3550-PCdxylZCF9uGIkKGQwkEcn8i8x_ZgxnTU_Wg5uxzdTFnjSJJA8JPBSXQeekVR7kG2wbhtm-CFemQWdmCVKLYjaxshJsmu-huTkWdLauo-RPVI06aMXjWJM4SuOVx',NULL,'Android',0,'https://shafi.edriver.api.ecosmob.net/profile/user','CUSTOMER','Yes','No',NULL,'23.0282748','72.4988487','A','YzGk6FxzVA','QR-779-262-226',NULL,1,NULL,'2023-03-22 14:52:49','2023-03-22 14:52:49'),(7,NULL,NULL,190,'https://calmexweb.ecosmob.net:8080/api/v3/edriver/ticket/purchase','{\"X-appVersion\":\"3.1\",\"id\":\"190\",\"authtoken\":\"TOyjrl1ghZ3ewX9JmUB7XeTz0drL83\",\"tenant-id\":\"1\",\"X-platform\":\"ANDROID\",\"X-OSVersion\":\"13\",\"X-device\":\"samsung SM-M136B\",\"cache-control\":\"no-cache\"}','Gurpreet','gpsingh1p5@mailnator.com','27','0120650453',NULL,NULL,'dLimKiNmTrCkXjjiiaVs03:APA91bGGOjPxVIUcYaPYgWznVkdjJtZdNYRBIwvrbrw1D1O8JIHRw-HphJD9pqYFrZ8lSOBu5boXekxc7ZwcvUwpqU82NIgtpB62cgyqFwaSeofRepXJ8UbLsMuWF1SaDkCRQBF7lzF_',NULL,'Android',0,'https://shafi.edriver.api.ecosmob.net/profile/user','CUSTOMER','Yes','No',NULL,'23.0334539','72.5239821','A','XqOoXQ622V','QR-124-511-889',NULL,1,NULL,'2023-10-19 10:10:47','2023-11-24 09:52:49');

--
-- Table structure for table `tbl_ticket_detail`
--

CREATE TABLE `tbl_ticket_detail` (
  `td_id` int(11) NOT NULL AUTO_INCREMENT,
  `tm_id` int(11) NOT NULL,
  `user_id` int(11) DEFAULT NULL,
  `cust_id` int(11) DEFAULT NULL,
  `mch_id` int(11) DEFAULT NULL COMMENT 'Merchant Id',
  `td_message` text CHARACTER SET utf8mb4 COLLATE utf8mb4_general_ci DEFAULT NULL,
  `td_created_date` datetime DEFAULT NULL,
  PRIMARY KEY (`td_id`)
) ENGINE=InnoDB DEFAULT CHARSET=utf8mb4 COLLATE=utf8mb4_unicode_ci;

--
-- Dumping data for table `tbl_ticket_detail`
--


--
-- Table structure for table `tbl_user_otp`
--

CREATE TABLE `tbl_user_otp` (
  `otp_id` int(6) unsigned NOT NULL AUTO_INCREMENT COMMENT 'Auto-incremented Id',
  `country_code` varchar(10) DEFAULT NULL,
  `otp_mobile` varchar(20) CHARACTER SET latin1 COLLATE latin1_swedish_ci NOT NULL COMMENT 'Customer Mobile Number',
  `otp_pin` varchar(8) CHARACTER SET latin1 COLLATE latin1_swedish_ci NOT NULL COMMENT 'OTP Pin',
  `otp_status` enum('Y','N') CHARACTER SET latin1 COLLATE latin1_swedish_ci NOT NULL DEFAULT 'N' COMMENT 'OTP Used or not?',
  `otp_for` enum('LOGIN','REGISTRATION','FORGOT_PASSWORD','CHANGE_MOBILE') NOT NULL DEFAULT 'LOGIN',
  `created_date` datetime DEFAULT NULL,
  `usr_id` int(6) unsigned DEFAULT NULL,
  `usr_type` varchar(20) DEFAULT NULL,
  PRIMARY KEY (`otp_id`),
  KEY `usr_id` (`usr_id`)
) ENGINE=InnoDB DEFAULT CHARSET=utf8 COLLATE=utf8_general_ci;

--
-- Dumping data for table `tbl_user_otp`
--


--
-- Table structure for table `trip_status_history`
--

CREATE TABLE `trip_status_history` (
  `trip_status_history_id` int(11) NOT NULL AUTO_INCREMENT,
  `old_driver_trip_id` int(11) NOT NULL,
  `new_driver_trip_id` int(11) NOT NULL,
  `old_status` enum('Active','End','Paused') NOT NULL,
  `updated_status` enum('Paused','Resumed') NOT NULL,
  `updated_at` datetime NOT NULL,
  `trip_updated_for` enum('driver_change','vehicle_change') NOT NULL,
  `old_object_id` int(11) NOT NULL,
  `new_object_id` int(11) NOT NULL,
  `pause_reason_id` int(11) NOT NULL,
  `pause_description` text NOT NULL,
  PRIMARY KEY (`trip_status_history_id`)
) ENGINE=InnoDB AUTO_INCREMENT=22 DEFAULT CHARSET=utf8 COLLATE=utf8_unicode_ci;

--
-- Dumping data for table `trip_status_history`
--

INSERT INTO `trip_status_history` VALUES (3,304,0,'Active','Paused','2024-01-12 14:36:47','vehicle_change',21,0,4,'Brake fail'),(4,304,305,'Paused','Resumed','2024-01-12 14:38:13','vehicle_change',21,55,0,''),(5,323,0,'Active','Paused','2024-01-17 16:11:43','vehicle_change',21,0,4,'Brake fail'),(6,323,324,'Paused','Resumed','2024-01-17 16:12:33','vehicle_change',21,35,0,''),(7,387,0,'Active','Paused','2024-02-14 15:58:20','vehicle_change',21,0,5,'Fuel empty'),(8,387,387,'Paused','Resumed','2024-02-14 15:59:55','vehicle_change',21,21,0,'No Vehicle Change'),(9,459,0,'Active','Paused','2024-04-30 14:32:15','vehicle_change',20,0,7,'Breakdown'),(10,459,459,'Paused','Resumed','2024-04-30 14:32:48','vehicle_change',20,20,0,'No Vehicle Change'),(11,527,0,'Active','Paused','2024-05-09 13:48:54','vehicle_change',21,0,7,'Breakdown'),(12,527,527,'Paused','Resumed','2024-05-09 13:49:43','vehicle_change',21,21,0,'No Vehicle Change'),(13,533,0,'Active','Paused','2024-05-13 14:30:35','vehicle_change',21,0,7,'Breakdown'),(14,533,533,'Paused','Resumed','2024-05-13 14:32:32','vehicle_change',21,21,0,'No Vehicle Change'),(15,535,0,'Active','Paused','2024-05-13 14:37:42','vehicle_change',23,0,7,'Breakdown'),(16,538,0,'Active','Paused','2024-05-13 14:46:37','vehicle_change',21,0,7,'Breakdown'),(17,538,538,'Paused','Resumed','2024-05-13 14:48:12','vehicle_change',21,21,0,'No Vehicle Change'),(18,568,0,'Active','Paused','2024-05-14 13:58:06','vehicle_change',22,0,7,'Breakdown'),(19,568,568,'Paused','Resumed','2024-05-14 13:58:37','vehicle_change',22,22,0,'No Vehicle Change'),(20,571,0,'Active','Paused','2024-05-14 14:09:17','vehicle_change',22,0,7,'Breakdown'),(21,571,571,'Paused','Resumed','2024-05-14 14:10:00','vehicle_change',22,22,0,'No Vehicle Change');

--
-- Table structure for table `user_depot_relation`
--

CREATE TABLE `user_depot_relation` (
  `user_depot_relation_id` int(11) NOT NULL AUTO_INCREMENT,
  `user_id` int(11) NOT NULL,
  `depot_id` int(11) NOT NULL,
  `company_id` int(11) NOT NULL,
  `updated_datetime` datetime NOT NULL DEFAULT current_timestamp(),
  PRIMARY KEY (`user_depot_relation_id`)
) ENGINE=InnoDB AUTO_INCREMENT=19 DEFAULT CHARSET=utf8mb4 COLLATE=utf8mb4_general_ci;

--
-- Dumping data for table `user_depot_relation`
--



